{"id":365,"date":"2021-12-28T17:35:45","date_gmt":"2021-12-28T17:35:45","guid":{"rendered":"https:\/\/www.obozrolkowy.pl\/?page_id=365"},"modified":"2026-03-05T08:46:48","modified_gmt":"2026-03-05T08:46:48","slug":"rolkowa-majowka-z-rollschool","status":"publish","type":"page","link":"https:\/\/www.obozrolkowy.pl\/index.php\/wyjazdy-rodzinne\/rolkowa-majowka-z-rollschool\/","title":{"rendered":"Rolkowa maj\u00f3wka z Rollschool 29 kwietnia &#8211; 3 maja 2026"},"content":{"rendered":"<div id=\"fb-root\"><\/div>\n\n<p>Przed nami kolejna edycja Rodzinnej Maj\u00f3wki z Rollschool. <\/p>\n\n\n\n<p>Jedziemy ja zwykle&nbsp;<strong>Przysuchy niedaleko Radomia, gdzie w o\u015brodku Marysie\u0144ka<\/strong>&nbsp;b\u0119dziemy mieli do dyspozycji jeden z najlepiej przystosowanych o\u015brodk\u00f3w do jazdy na rolkach\/deskorolkach w Europie.<br>Do dyspozycji b\u0119dziemy mieli&nbsp;<strong>3 skateparki<\/strong>&nbsp;z murkami, boxami i kickerami,&nbsp;<strong>bowla<\/strong>&nbsp;oraz&nbsp;<strong>miniramp\u0119<\/strong>&nbsp;a tak\u017ce&nbsp;<strong>kryt\u0105 sale namiotow\u0105 (800m2)<\/strong>&nbsp;na kt\u00f3rej znajduje sie kolejny skatepark \ud83d\ude09 Od tego roku dost\u0119pne jest r\u00f3wnie\u017c 3000m2 wybetonowanych <strong>alejek <\/strong>gotowych do jazdy na cz\u0119\u015bci o\u015brodka z drewnianymi domkami, hal\u0105 i skateparkiem nr 3.<\/p>\n\n\n\n<p><\/p>\n\n\n\n<figure class=\"wp-block-gallery has-nested-images columns-8 is-cropped wp-block-gallery-1 is-layout-flex wp-block-gallery-is-layout-flex\">\n<figure class=\"wp-block-image size-large\"><a href=\"https:\/\/www.obozrolkowy.pl\/wp-content\/uploads\/2023\/10\/20230430-064-IMG_0282-net.jpg\"><img loading=\"lazy\" decoding=\"async\" width=\"1024\" height=\"683\" data-id=\"1544\" src=\"https:\/\/www.obozrolkowy.pl\/wp-content\/uploads\/2023\/10\/20230430-064-IMG_0282-net-1024x683.jpg\" alt=\"\" class=\"wp-image-1544\" srcset=\"https:\/\/www.obozrolkowy.pl\/wp-content\/uploads\/2023\/10\/20230430-064-IMG_0282-net-1024x683.jpg 1024w, https:\/\/www.obozrolkowy.pl\/wp-content\/uploads\/2023\/10\/20230430-064-IMG_0282-net-300x200.jpg 300w, https:\/\/www.obozrolkowy.pl\/wp-content\/uploads\/2023\/10\/20230430-064-IMG_0282-net-768x512.jpg 768w, https:\/\/www.obozrolkowy.pl\/wp-content\/uploads\/2023\/10\/20230430-064-IMG_0282-net.jpg 1200w\" sizes=\"auto, (max-width: 1024px) 100vw, 1024px\" \/><\/a><\/figure>\n\n\n\n<figure class=\"wp-block-image size-large\"><a href=\"https:\/\/www.obozrolkowy.pl\/wp-content\/uploads\/2023\/10\/20230430-312-IMG_7054-net.jpg\"><img loading=\"lazy\" decoding=\"async\" width=\"1024\" height=\"683\" data-id=\"1545\" src=\"https:\/\/www.obozrolkowy.pl\/wp-content\/uploads\/2023\/10\/20230430-312-IMG_7054-net-1024x683.jpg\" alt=\"\" class=\"wp-image-1545\" srcset=\"https:\/\/www.obozrolkowy.pl\/wp-content\/uploads\/2023\/10\/20230430-312-IMG_7054-net-1024x683.jpg 1024w, https:\/\/www.obozrolkowy.pl\/wp-content\/uploads\/2023\/10\/20230430-312-IMG_7054-net-300x200.jpg 300w, https:\/\/www.obozrolkowy.pl\/wp-content\/uploads\/2023\/10\/20230430-312-IMG_7054-net-768x512.jpg 768w, https:\/\/www.obozrolkowy.pl\/wp-content\/uploads\/2023\/10\/20230430-312-IMG_7054-net.jpg 1200w\" sizes=\"auto, (max-width: 1024px) 100vw, 1024px\" \/><\/a><\/figure>\n\n\n\n<figure class=\"wp-block-image size-large\"><a href=\"https:\/\/www.obozrolkowy.pl\/wp-content\/uploads\/2023\/10\/20230430-015-IMG_6563-net.jpg\"><img loading=\"lazy\" decoding=\"async\" width=\"1024\" height=\"683\" data-id=\"1546\" src=\"https:\/\/www.obozrolkowy.pl\/wp-content\/uploads\/2023\/10\/20230430-015-IMG_6563-net-1024x683.jpg\" alt=\"\" class=\"wp-image-1546\" srcset=\"https:\/\/www.obozrolkowy.pl\/wp-content\/uploads\/2023\/10\/20230430-015-IMG_6563-net-1024x683.jpg 1024w, https:\/\/www.obozrolkowy.pl\/wp-content\/uploads\/2023\/10\/20230430-015-IMG_6563-net-300x200.jpg 300w, https:\/\/www.obozrolkowy.pl\/wp-content\/uploads\/2023\/10\/20230430-015-IMG_6563-net-768x512.jpg 768w, https:\/\/www.obozrolkowy.pl\/wp-content\/uploads\/2023\/10\/20230430-015-IMG_6563-net.jpg 1200w\" sizes=\"auto, (max-width: 1024px) 100vw, 1024px\" \/><\/a><\/figure>\n\n\n\n<figure class=\"wp-block-image size-large\"><a href=\"https:\/\/www.obozrolkowy.pl\/wp-content\/uploads\/2023\/10\/20230501-051-IMG_9561-net.jpg\"><img loading=\"lazy\" decoding=\"async\" width=\"1024\" height=\"683\" data-id=\"1603\" src=\"https:\/\/www.obozrolkowy.pl\/wp-content\/uploads\/2023\/10\/20230501-051-IMG_9561-net-1024x683.jpg\" alt=\"\" class=\"wp-image-1603\" srcset=\"https:\/\/www.obozrolkowy.pl\/wp-content\/uploads\/2023\/10\/20230501-051-IMG_9561-net-1024x683.jpg 1024w, https:\/\/www.obozrolkowy.pl\/wp-content\/uploads\/2023\/10\/20230501-051-IMG_9561-net-300x200.jpg 300w, https:\/\/www.obozrolkowy.pl\/wp-content\/uploads\/2023\/10\/20230501-051-IMG_9561-net-768x512.jpg 768w, https:\/\/www.obozrolkowy.pl\/wp-content\/uploads\/2023\/10\/20230501-051-IMG_9561-net.jpg 1200w\" sizes=\"auto, (max-width: 1024px) 100vw, 1024px\" \/><\/a><\/figure>\n\n\n\n<figure class=\"wp-block-image size-large\"><a href=\"https:\/\/www.obozrolkowy.pl\/wp-content\/uploads\/2023\/10\/20230501-216-IMG_9788-net.jpg\"><img loading=\"lazy\" decoding=\"async\" width=\"1024\" height=\"683\" data-id=\"1548\" src=\"https:\/\/www.obozrolkowy.pl\/wp-content\/uploads\/2023\/10\/20230501-216-IMG_9788-net-1024x683.jpg\" alt=\"\" class=\"wp-image-1548\" srcset=\"https:\/\/www.obozrolkowy.pl\/wp-content\/uploads\/2023\/10\/20230501-216-IMG_9788-net-1024x683.jpg 1024w, https:\/\/www.obozrolkowy.pl\/wp-content\/uploads\/2023\/10\/20230501-216-IMG_9788-net-300x200.jpg 300w, https:\/\/www.obozrolkowy.pl\/wp-content\/uploads\/2023\/10\/20230501-216-IMG_9788-net-768x512.jpg 768w, https:\/\/www.obozrolkowy.pl\/wp-content\/uploads\/2023\/10\/20230501-216-IMG_9788-net.jpg 1200w\" sizes=\"auto, (max-width: 1024px) 100vw, 1024px\" \/><\/a><\/figure>\n\n\n\n<figure class=\"wp-block-image size-large\"><a href=\"https:\/\/www.obozrolkowy.pl\/wp-content\/uploads\/2023\/10\/20230429-284-IMG_9464-net.jpg\"><img loading=\"lazy\" decoding=\"async\" width=\"683\" height=\"1024\" data-id=\"1549\" src=\"https:\/\/www.obozrolkowy.pl\/wp-content\/uploads\/2023\/10\/20230429-284-IMG_9464-net-683x1024.jpg\" alt=\"\" class=\"wp-image-1549\" srcset=\"https:\/\/www.obozrolkowy.pl\/wp-content\/uploads\/2023\/10\/20230429-284-IMG_9464-net-683x1024.jpg 683w, https:\/\/www.obozrolkowy.pl\/wp-content\/uploads\/2023\/10\/20230429-284-IMG_9464-net-200x300.jpg 200w, https:\/\/www.obozrolkowy.pl\/wp-content\/uploads\/2023\/10\/20230429-284-IMG_9464-net-768x1152.jpg 768w, https:\/\/www.obozrolkowy.pl\/wp-content\/uploads\/2023\/10\/20230429-284-IMG_9464-net-1024x1536.jpg 1024w, https:\/\/www.obozrolkowy.pl\/wp-content\/uploads\/2023\/10\/20230429-284-IMG_9464-net.jpg 1200w\" sizes=\"auto, (max-width: 683px) 100vw, 683px\" \/><\/a><\/figure>\n\n\n\n<figure class=\"wp-block-image size-large\"><a href=\"https:\/\/www.obozrolkowy.pl\/wp-content\/uploads\/2023\/10\/20230501-519-IMG_8316-net.jpg\"><img loading=\"lazy\" decoding=\"async\" width=\"1024\" height=\"683\" data-id=\"1604\" src=\"https:\/\/www.obozrolkowy.pl\/wp-content\/uploads\/2023\/10\/20230501-519-IMG_8316-net-1024x683.jpg\" alt=\"\" class=\"wp-image-1604\" srcset=\"https:\/\/www.obozrolkowy.pl\/wp-content\/uploads\/2023\/10\/20230501-519-IMG_8316-net-1024x683.jpg 1024w, https:\/\/www.obozrolkowy.pl\/wp-content\/uploads\/2023\/10\/20230501-519-IMG_8316-net-300x200.jpg 300w, https:\/\/www.obozrolkowy.pl\/wp-content\/uploads\/2023\/10\/20230501-519-IMG_8316-net-768x512.jpg 768w, https:\/\/www.obozrolkowy.pl\/wp-content\/uploads\/2023\/10\/20230501-519-IMG_8316-net.jpg 1200w\" sizes=\"auto, (max-width: 1024px) 100vw, 1024px\" \/><\/a><\/figure>\n\n\n\n<figure class=\"wp-block-image size-large\"><img loading=\"lazy\" decoding=\"async\" width=\"1024\" height=\"683\" data-id=\"1551\" src=\"https:\/\/www.obozrolkowy.pl\/wp-content\/uploads\/2023\/10\/20230430-131-IMG_6760-net-1024x683.jpg\" alt=\"\" class=\"wp-image-1551\" srcset=\"https:\/\/www.obozrolkowy.pl\/wp-content\/uploads\/2023\/10\/20230430-131-IMG_6760-net-1024x683.jpg 1024w, https:\/\/www.obozrolkowy.pl\/wp-content\/uploads\/2023\/10\/20230430-131-IMG_6760-net-300x200.jpg 300w, https:\/\/www.obozrolkowy.pl\/wp-content\/uploads\/2023\/10\/20230430-131-IMG_6760-net-768x512.jpg 768w, https:\/\/www.obozrolkowy.pl\/wp-content\/uploads\/2023\/10\/20230430-131-IMG_6760-net.jpg 1200w\" sizes=\"auto, (max-width: 1024px) 100vw, 1024px\" \/><\/figure>\n\n\n\n<figure class=\"wp-block-image size-large\"><a href=\"https:\/\/www.obozrolkowy.pl\/wp-content\/uploads\/2025\/12\/20250501-096-IMG_9248-net.jpg\"><img loading=\"lazy\" decoding=\"async\" width=\"1024\" height=\"683\" data-id=\"2528\" src=\"https:\/\/www.obozrolkowy.pl\/wp-content\/uploads\/2025\/12\/20250501-096-IMG_9248-net-1024x683.jpg\" alt=\"\" class=\"wp-image-2528\" srcset=\"https:\/\/www.obozrolkowy.pl\/wp-content\/uploads\/2025\/12\/20250501-096-IMG_9248-net-1024x683.jpg 1024w, https:\/\/www.obozrolkowy.pl\/wp-content\/uploads\/2025\/12\/20250501-096-IMG_9248-net-300x200.jpg 300w, https:\/\/www.obozrolkowy.pl\/wp-content\/uploads\/2025\/12\/20250501-096-IMG_9248-net-768x512.jpg 768w, https:\/\/www.obozrolkowy.pl\/wp-content\/uploads\/2025\/12\/20250501-096-IMG_9248-net.jpg 1200w\" sizes=\"auto, (max-width: 1024px) 100vw, 1024px\" \/><\/a><\/figure>\n\n\n\n<figure class=\"wp-block-image size-large\"><a href=\"https:\/\/www.obozrolkowy.pl\/wp-content\/uploads\/2023\/10\/20230430-049-IMG_6632-net.jpg\"><img loading=\"lazy\" decoding=\"async\" width=\"1024\" height=\"683\" data-id=\"1606\" src=\"https:\/\/www.obozrolkowy.pl\/wp-content\/uploads\/2023\/10\/20230430-049-IMG_6632-net-1024x683.jpg\" alt=\"\" class=\"wp-image-1606\" srcset=\"https:\/\/www.obozrolkowy.pl\/wp-content\/uploads\/2023\/10\/20230430-049-IMG_6632-net-1024x683.jpg 1024w, https:\/\/www.obozrolkowy.pl\/wp-content\/uploads\/2023\/10\/20230430-049-IMG_6632-net-300x200.jpg 300w, https:\/\/www.obozrolkowy.pl\/wp-content\/uploads\/2023\/10\/20230430-049-IMG_6632-net-768x512.jpg 768w, https:\/\/www.obozrolkowy.pl\/wp-content\/uploads\/2023\/10\/20230430-049-IMG_6632-net.jpg 1200w\" sizes=\"auto, (max-width: 1024px) 100vw, 1024px\" \/><\/a><\/figure>\n\n\n\n<figure class=\"wp-block-image size-large\"><a href=\"https:\/\/www.obozrolkowy.pl\/wp-content\/uploads\/2023\/10\/20230430-268-IMG_6939-net.jpg\"><img loading=\"lazy\" decoding=\"async\" width=\"1024\" height=\"683\" data-id=\"1607\" src=\"https:\/\/www.obozrolkowy.pl\/wp-content\/uploads\/2023\/10\/20230430-268-IMG_6939-net-1024x683.jpg\" alt=\"\" class=\"wp-image-1607\" srcset=\"https:\/\/www.obozrolkowy.pl\/wp-content\/uploads\/2023\/10\/20230430-268-IMG_6939-net-1024x683.jpg 1024w, https:\/\/www.obozrolkowy.pl\/wp-content\/uploads\/2023\/10\/20230430-268-IMG_6939-net-300x200.jpg 300w, https:\/\/www.obozrolkowy.pl\/wp-content\/uploads\/2023\/10\/20230430-268-IMG_6939-net-768x512.jpg 768w, https:\/\/www.obozrolkowy.pl\/wp-content\/uploads\/2023\/10\/20230430-268-IMG_6939-net.jpg 1200w\" sizes=\"auto, (max-width: 1024px) 100vw, 1024px\" \/><\/a><\/figure>\n<\/figure>\n\n\n\n<p><a href=\"https:\/\/www.facebook.com\/media\/set\/?set=a.1182305570574028&amp;type=3\" target=\"_blank\" rel=\"noreferrer noopener\">Galeria zdj\u0119\u0107 z poprzedniej maj\u00f3wki<\/a><\/p>\n\n\n\n<p>Tutaj rolkami \u017cyjemy 24h na dob\u0119 \ud83d\ude42<\/p>\n\n\n\n<p><strong>Czego b\u0119dziemy si\u0119 uczy\u0107:<\/strong><\/p>\n\n\n\n<ul class=\"wp-block-list\">\n<li>podstawy jazdy oraz doskonalenie jazdy na rolkach dla dzieci i doros\u0142ych (utrzymywanie r\u00f3wnowagi, p\u0142ynne poruszanie si\u0119 do przodu, skr\u0119canie, hamowanie, jazda ty\u0142em)<\/li>\n\n\n\n<li>podstawy jazdy dla dzieci z elementami zabawy \u2013 tak\u017ce dla przedszkolak\u00f3w<\/li>\n\n\n\n<li>slidy&nbsp;\u2013 efektywne i efektowne sposoby hamowania dla zaawansowanych<\/li>\n\n\n\n<li>podstawy i doskonalenie jazdy po skateparku<\/li>\n\n\n\n<li>jazda agresywna<\/li>\n\n\n\n<li>freestyle slalom<\/li>\n<\/ul>\n\n\n\n<p>Na miejscu podzielimy si\u0119 na mniejsze grupy (pod k\u0105tem umiej\u0119tno\u015bci)&nbsp;\u2013 ka\u017cda grupa b\u0119dzie \u0107wiczy\u0107 ze swoim instruktorem min. 2h dziennie.<\/p>\n\n\n\n<p>Na rolkow\u0105 maj\u00f3wk\u0119 z Rollschool zapraszamy wszystkie osoby, zar\u00f3wno te kt\u00f3re ju\u017c je\u017cd\u017c\u0105, jak i te, kt\u00f3re dopiero chcia\u0142yby zacz\u0105\u0107 swoj\u0105 przygod\u0119 z butami na 8 k\u00f3\u0142eczkach.<\/p>\n\n\n\n<p>Na miejscu b\u0119dzie dost\u0119pnych minimum 8 instruktor\u00f3w.<\/p>\n\n\n\n<p><\/p>\n\n\n\n<p>Film z wyjazdu do Przysuchy w maju 2024:<\/p>\n\n\n\n<figure class=\"wp-block-embed is-type-video is-provider-youtube wp-block-embed-youtube wp-embed-aspect-16-9 wp-has-aspect-ratio\"><div class=\"wp-block-embed__wrapper\">\n<div class=\"ratio ratio-16x9\"><iframe loading=\"lazy\" title=\"Rodzinna Rolkowa Maj\u00f3wka z Rollschool 2024\" width=\"640\" height=\"360\" src=\"https:\/\/www.youtube.com\/embed\/6eaQ4ZRae0g?feature=oembed\" frameborder=\"0\" allow=\"accelerometer; autoplay; clipboard-write; encrypted-media; gyroscope; picture-in-picture; web-share\" referrerpolicy=\"strict-origin-when-cross-origin\" allowfullscreen><\/iframe><\/div>\n<\/div><\/figure>\n\n\n<p>Przed zapisaniem rodziny na wyjazd zapoznaj si\u0119 z poziomami jazdy. Dost\u0119pne poziomy jakie b\u0119d\u0105 na wyje\u017adzie zobaczysz w ankiecie\u00a0<br \/>Zapisy na rodzinn\u0105 maj\u00f3wk\u0119 z Rollschool<\/p>\n<p data-start=\"98\" data-end=\"230\"><strong data-start=\"98\" data-end=\"168\">Przed zapisaniem rodziny na wyjazd zapoznaj si\u0119 z poziomami jazdy.<\/strong><br data-start=\"168\" data-end=\"171\" \/>Kliknij poni\u017cej, aby <strong data-start=\"192\" data-end=\"229\">pobra\u0107 plik PDF z opisem poziom\u00f3w<\/strong>:<\/p>\n<ul data-start=\"232\" data-end=\"282\">\n<li data-start=\"232\" data-end=\"282\">\n<p data-start=\"234\" data-end=\"282\"><a href=\"https:\/\/www.obozrolkowy.pl\/wp-content\/uploads\/2025\/11\/Poziomy-jazdy-Przysucha.pdf\"><strong data-start=\"234\" data-end=\"265\">Pobierz poziomy jazdy (PDF)<\/strong><\/a><\/p>\n<\/li>\n<\/ul>\n<p data-start=\"262\" data-end=\"335\">Poziomy grup dost\u0119pnych na wyje\u017adzie znajdziesz w <strong data-start=\"312\" data-end=\"334\">ankiecie zapisowej<\/strong>.<\/p>\n\n\n<p><\/p>\n\n\n\n<script src=\"https:\/\/rollschool.skaleo.pl\/wp-content\/themes\/skaleo\/js\/iframeResizer.min.js?v=1.13\"><\/script><iframe class=\"skaleo-iframe\" id=\"iFrameSkaleo308\" src=\"https:\/\/rollschool.skaleo.pl\/wyjazdy\/rolkowa-majowka-z-rollschool-2025-2\/?registration=popup&#038;singles_only=false&#038;lang=pl_PL\"  style=\"width:1px; min-width: 100%;max-width: 100%; border:none; margin:0; padding:0; overflow:hidden;\"><\/iframe>\n\n\n\n<p>W przypadku braku wolnych miejsc prosimy o wype\u0142nienie poni\u017cszego formularza. <\/p>\n\n\n\n<script src=\"https:\/\/rollschool.skaleo.pl\/wp-content\/themes\/skaleo\/js\/iframeResizer.min.js?v=1.13\"><\/script><iframe class=\"skaleo-iframe\" id=\"iFrameSkaleo391\" src=\"https:\/\/rollschool.skaleo.pl\/wyjazdy\/rolkowa-majowka-z-rollschool-2026\/?registration=popup&#038;singles_only=false&#038;lang=pl_PL\"  style=\"width:1px; min-width: 100%;max-width: 100%; border:none; margin:0; padding:0; overflow:hidden;\"><\/iframe>\n","protected":false},"excerpt":{"rendered":"<p>Przed nami kolejna edycja Rodzinnej Maj\u00f3wki z Rollschool. Jedziemy ja zwykle&nbsp;Przysuchy niedaleko Radomia, gdzie w o\u015brodku Marysie\u0144ka&nbsp;b\u0119dziemy mieli do dyspozycji jeden z najlepiej przystosowanych o\u015brodk\u00f3w do jazdy na rolkach\/deskorolkach w Europie.Do dyspozycji b\u0119dziemy mieli&nbsp;3 skateparki&nbsp;z murkami, boxami i kickerami,&nbsp;bowla&nbsp;oraz&nbsp;miniramp\u0119&nbsp;a tak\u017ce&nbsp;kryt\u0105 sale namiotow\u0105 (800m2)&nbsp;na kt\u00f3rej znajduje sie kolejny skatepark \ud83d\ude09 Od tego roku dost\u0119pne jest r\u00f3wnie\u017c [&hellip;]<\/p>\n","protected":false},"author":1,"featured_media":2529,"parent":13,"menu_order":0,"comment_status":"closed","ping_status":"closed","template":"page-full-width-image-wyjazd.php","meta":{"_acf_changed":false,"footnotes":""},"class_list":["post-365","page","type-page","status-publish","has-post-thumbnail","hentry"],"acf":[],"_links":{"self":[{"href":"https:\/\/www.obozrolkowy.pl\/index.php\/wp-json\/wp\/v2\/pages\/365","targetHints":{"allow":["GET"]}}],"collection":[{"href":"https:\/\/www.obozrolkowy.pl\/index.php\/wp-json\/wp\/v2\/pages"}],"about":[{"href":"https:\/\/www.obozrolkowy.pl\/index.php\/wp-json\/wp\/v2\/types\/page"}],"author":[{"embeddable":true,"href":"https:\/\/www.obozrolkowy.pl\/index.php\/wp-json\/wp\/v2\/users\/1"}],"replies":[{"embeddable":true,"href":"https:\/\/www.obozrolkowy.pl\/index.php\/wp-json\/wp\/v2\/comments?post=365"}],"version-history":[{"count":94,"href":"https:\/\/www.obozrolkowy.pl\/index.php\/wp-json\/wp\/v2\/pages\/365\/revisions"}],"predecessor-version":[{"id":2724,"href":"https:\/\/www.obozrolkowy.pl\/index.php\/wp-json\/wp\/v2\/pages\/365\/revisions\/2724"}],"up":[{"embeddable":true,"href":"https:\/\/www.obozrolkowy.pl\/index.php\/wp-json\/wp\/v2\/pages\/13"}],"wp:featuredmedia":[{"embeddable":true,"href":"https:\/\/www.obozrolkowy.pl\/index.php\/wp-json\/wp\/v2\/media\/2529"}],"wp:attachment":[{"href":"https:\/\/www.obozrolkowy.pl\/index.php\/wp-json\/wp\/v2\/media?parent=365"}],"curies":[{"name":"wp","href":"https:\/\/api.w.org\/{rel}","templated":true}]}}