{"id":367,"date":"2021-12-28T17:36:15","date_gmt":"2021-12-28T17:36:15","guid":{"rendered":"https:\/\/www.obozrolkowy.pl\/?page_id=367"},"modified":"2026-03-05T09:33:41","modified_gmt":"2026-03-05T09:33:41","slug":"rollschool-family-camp","status":"publish","type":"page","link":"https:\/\/www.obozrolkowy.pl\/index.php\/wyjazdy-rodzinne\/rollschool-family-camp\/","title":{"rendered":"Rollschool Family Camp 3 &#8211; 7 czerwca 2026"},"content":{"rendered":"<div id=\"fb-root\"><\/div>\n\n<div style=\"height:60px\" aria-hidden=\"true\" class=\"wp-block-spacer\"><\/div>\n\n\n\n<p>Zapraszamy na rolkowe szale\u0144stwo \ud83d\ude09<\/p>\n\n\n\n<p>Rollschool Family Camp czyli rodzinnego wyjazdu wakacyjnego dla rodzin po\u0142\u0105czonym z intensywnym kurem jazdy na rolkach. Tutaj rolkami \u017cyjemy 24h na dob\u0119 \ud83d\ude42<\/p>\n\n\n\n<p>Mieszka\u0107 b\u0119dziemy w o\u015brodku Marysie\u0144ka w Przysusze (120 km od Warszawy&nbsp;\u2013 ok. 1,5 h od Warszawy).<\/p>\n\n\n\n<figure class=\"wp-block-gallery has-nested-images columns-7 is-cropped wp-block-gallery-1 is-layout-flex wp-block-gallery-is-layout-flex\">\n<figure class=\"wp-block-image size-large\"><a href=\"https:\/\/www.obozrolkowy.pl\/wp-content\/uploads\/2023\/10\/20230611-140-IMG_0041-net.jpg\"><img loading=\"lazy\" decoding=\"async\" width=\"1024\" height=\"683\" data-id=\"1558\" src=\"https:\/\/www.obozrolkowy.pl\/wp-content\/uploads\/2023\/10\/20230611-140-IMG_0041-net-1024x683.jpg\" alt=\"\" class=\"wp-image-1558\" srcset=\"https:\/\/www.obozrolkowy.pl\/wp-content\/uploads\/2023\/10\/20230611-140-IMG_0041-net-1024x683.jpg 1024w, https:\/\/www.obozrolkowy.pl\/wp-content\/uploads\/2023\/10\/20230611-140-IMG_0041-net-300x200.jpg 300w, https:\/\/www.obozrolkowy.pl\/wp-content\/uploads\/2023\/10\/20230611-140-IMG_0041-net-768x512.jpg 768w, https:\/\/www.obozrolkowy.pl\/wp-content\/uploads\/2023\/10\/20230611-140-IMG_0041-net.jpg 1200w\" sizes=\"auto, (max-width: 1024px) 100vw, 1024px\" \/><\/a><\/figure>\n\n\n\n<figure class=\"wp-block-image size-large\"><a href=\"https:\/\/www.obozrolkowy.pl\/wp-content\/uploads\/2023\/10\/20230608-375-IMG_6752-net.jpg\"><img loading=\"lazy\" decoding=\"async\" width=\"1024\" height=\"683\" data-id=\"1559\" src=\"https:\/\/www.obozrolkowy.pl\/wp-content\/uploads\/2023\/10\/20230608-375-IMG_6752-net-1024x683.jpg\" alt=\"\" class=\"wp-image-1559\" srcset=\"https:\/\/www.obozrolkowy.pl\/wp-content\/uploads\/2023\/10\/20230608-375-IMG_6752-net-1024x683.jpg 1024w, https:\/\/www.obozrolkowy.pl\/wp-content\/uploads\/2023\/10\/20230608-375-IMG_6752-net-300x200.jpg 300w, https:\/\/www.obozrolkowy.pl\/wp-content\/uploads\/2023\/10\/20230608-375-IMG_6752-net-768x512.jpg 768w, https:\/\/www.obozrolkowy.pl\/wp-content\/uploads\/2023\/10\/20230608-375-IMG_6752-net.jpg 1200w\" sizes=\"auto, (max-width: 1024px) 100vw, 1024px\" \/><\/a><\/figure>\n\n\n\n<figure class=\"wp-block-image size-large\"><a href=\"https:\/\/www.obozrolkowy.pl\/wp-content\/uploads\/2025\/12\/20250619-172-IMG_9348-net.jpg\"><img loading=\"lazy\" decoding=\"async\" width=\"1024\" height=\"683\" data-id=\"2534\" src=\"https:\/\/www.obozrolkowy.pl\/wp-content\/uploads\/2025\/12\/20250619-172-IMG_9348-net-1024x683.jpg\" alt=\"\" class=\"wp-image-2534\" srcset=\"https:\/\/www.obozrolkowy.pl\/wp-content\/uploads\/2025\/12\/20250619-172-IMG_9348-net-1024x683.jpg 1024w, https:\/\/www.obozrolkowy.pl\/wp-content\/uploads\/2025\/12\/20250619-172-IMG_9348-net-300x200.jpg 300w, https:\/\/www.obozrolkowy.pl\/wp-content\/uploads\/2025\/12\/20250619-172-IMG_9348-net-768x512.jpg 768w, https:\/\/www.obozrolkowy.pl\/wp-content\/uploads\/2025\/12\/20250619-172-IMG_9348-net.jpg 1200w\" sizes=\"auto, (max-width: 1024px) 100vw, 1024px\" \/><\/a><\/figure>\n\n\n\n<figure class=\"wp-block-image size-large\"><a href=\"https:\/\/www.obozrolkowy.pl\/wp-content\/uploads\/2023\/10\/20230610-188-IMG_8088-net.jpg\"><img loading=\"lazy\" decoding=\"async\" width=\"1024\" height=\"683\" data-id=\"1561\" src=\"https:\/\/www.obozrolkowy.pl\/wp-content\/uploads\/2023\/10\/20230610-188-IMG_8088-net-1024x683.jpg\" alt=\"\" class=\"wp-image-1561\" srcset=\"https:\/\/www.obozrolkowy.pl\/wp-content\/uploads\/2023\/10\/20230610-188-IMG_8088-net-1024x683.jpg 1024w, https:\/\/www.obozrolkowy.pl\/wp-content\/uploads\/2023\/10\/20230610-188-IMG_8088-net-300x200.jpg 300w, https:\/\/www.obozrolkowy.pl\/wp-content\/uploads\/2023\/10\/20230610-188-IMG_8088-net-768x512.jpg 768w, https:\/\/www.obozrolkowy.pl\/wp-content\/uploads\/2023\/10\/20230610-188-IMG_8088-net.jpg 1200w\" sizes=\"auto, (max-width: 1024px) 100vw, 1024px\" \/><\/a><\/figure>\n\n\n\n<figure class=\"wp-block-image size-large\"><a href=\"https:\/\/www.obozrolkowy.pl\/wp-content\/uploads\/2023\/10\/20230610-410-IMG_9551-net.jpg\"><img loading=\"lazy\" decoding=\"async\" width=\"1024\" height=\"683\" data-id=\"1562\" src=\"https:\/\/www.obozrolkowy.pl\/wp-content\/uploads\/2023\/10\/20230610-410-IMG_9551-net-1024x683.jpg\" alt=\"\" class=\"wp-image-1562\" srcset=\"https:\/\/www.obozrolkowy.pl\/wp-content\/uploads\/2023\/10\/20230610-410-IMG_9551-net-1024x683.jpg 1024w, https:\/\/www.obozrolkowy.pl\/wp-content\/uploads\/2023\/10\/20230610-410-IMG_9551-net-300x200.jpg 300w, https:\/\/www.obozrolkowy.pl\/wp-content\/uploads\/2023\/10\/20230610-410-IMG_9551-net-768x512.jpg 768w, https:\/\/www.obozrolkowy.pl\/wp-content\/uploads\/2023\/10\/20230610-410-IMG_9551-net.jpg 1200w\" sizes=\"auto, (max-width: 1024px) 100vw, 1024px\" \/><\/a><\/figure>\n\n\n\n<figure class=\"wp-block-image size-large\"><a href=\"https:\/\/www.obozrolkowy.pl\/wp-content\/uploads\/2023\/10\/20230610-102-IMG_1068-net.jpg\"><img loading=\"lazy\" decoding=\"async\" width=\"1024\" height=\"683\" data-id=\"1563\" src=\"https:\/\/www.obozrolkowy.pl\/wp-content\/uploads\/2023\/10\/20230610-102-IMG_1068-net-1024x683.jpg\" alt=\"\" class=\"wp-image-1563\" srcset=\"https:\/\/www.obozrolkowy.pl\/wp-content\/uploads\/2023\/10\/20230610-102-IMG_1068-net-1024x683.jpg 1024w, https:\/\/www.obozrolkowy.pl\/wp-content\/uploads\/2023\/10\/20230610-102-IMG_1068-net-300x200.jpg 300w, https:\/\/www.obozrolkowy.pl\/wp-content\/uploads\/2023\/10\/20230610-102-IMG_1068-net-768x512.jpg 768w, https:\/\/www.obozrolkowy.pl\/wp-content\/uploads\/2023\/10\/20230610-102-IMG_1068-net.jpg 1200w\" sizes=\"auto, (max-width: 1024px) 100vw, 1024px\" \/><\/a><\/figure>\n\n\n\n<figure class=\"wp-block-image size-large\"><a href=\"https:\/\/www.obozrolkowy.pl\/wp-content\/uploads\/2023\/10\/20230610-137-IMG_1150-net.jpg\"><img loading=\"lazy\" decoding=\"async\" width=\"1024\" height=\"683\" data-id=\"1564\" src=\"https:\/\/www.obozrolkowy.pl\/wp-content\/uploads\/2023\/10\/20230610-137-IMG_1150-net-1024x683.jpg\" alt=\"\" class=\"wp-image-1564\" srcset=\"https:\/\/www.obozrolkowy.pl\/wp-content\/uploads\/2023\/10\/20230610-137-IMG_1150-net-1024x683.jpg 1024w, https:\/\/www.obozrolkowy.pl\/wp-content\/uploads\/2023\/10\/20230610-137-IMG_1150-net-300x200.jpg 300w, https:\/\/www.obozrolkowy.pl\/wp-content\/uploads\/2023\/10\/20230610-137-IMG_1150-net-768x512.jpg 768w, https:\/\/www.obozrolkowy.pl\/wp-content\/uploads\/2023\/10\/20230610-137-IMG_1150-net.jpg 1200w\" sizes=\"auto, (max-width: 1024px) 100vw, 1024px\" \/><\/a><\/figure>\n\n\n\n<figure class=\"wp-block-image size-large\"><a href=\"https:\/\/www.obozrolkowy.pl\/wp-content\/uploads\/2023\/12\/20230902-071-IMG_7591-net.jpg\"><img loading=\"lazy\" decoding=\"async\" width=\"1024\" height=\"683\" data-id=\"1640\" src=\"https:\/\/www.obozrolkowy.pl\/wp-content\/uploads\/2023\/12\/20230902-071-IMG_7591-net-1024x683.jpg\" alt=\"\" class=\"wp-image-1640\" srcset=\"https:\/\/www.obozrolkowy.pl\/wp-content\/uploads\/2023\/12\/20230902-071-IMG_7591-net-1024x683.jpg 1024w, https:\/\/www.obozrolkowy.pl\/wp-content\/uploads\/2023\/12\/20230902-071-IMG_7591-net-300x200.jpg 300w, https:\/\/www.obozrolkowy.pl\/wp-content\/uploads\/2023\/12\/20230902-071-IMG_7591-net-768x512.jpg 768w, https:\/\/www.obozrolkowy.pl\/wp-content\/uploads\/2023\/12\/20230902-071-IMG_7591-net.jpg 1200w\" sizes=\"auto, (max-width: 1024px) 100vw, 1024px\" \/><\/a><\/figure>\n\n\n\n<figure class=\"wp-block-image size-large\"><a href=\"https:\/\/www.obozrolkowy.pl\/wp-content\/uploads\/2023\/12\/20230831-053-IMG_6162-net.jpg\"><img loading=\"lazy\" decoding=\"async\" width=\"1024\" height=\"683\" data-id=\"1641\" src=\"https:\/\/www.obozrolkowy.pl\/wp-content\/uploads\/2023\/12\/20230831-053-IMG_6162-net-1024x683.jpg\" alt=\"\" class=\"wp-image-1641\" srcset=\"https:\/\/www.obozrolkowy.pl\/wp-content\/uploads\/2023\/12\/20230831-053-IMG_6162-net-1024x683.jpg 1024w, https:\/\/www.obozrolkowy.pl\/wp-content\/uploads\/2023\/12\/20230831-053-IMG_6162-net-300x200.jpg 300w, https:\/\/www.obozrolkowy.pl\/wp-content\/uploads\/2023\/12\/20230831-053-IMG_6162-net-768x512.jpg 768w, https:\/\/www.obozrolkowy.pl\/wp-content\/uploads\/2023\/12\/20230831-053-IMG_6162-net.jpg 1200w\" sizes=\"auto, (max-width: 1024px) 100vw, 1024px\" \/><\/a><\/figure>\n\n\n\n<figure class=\"wp-block-image size-large\"><a href=\"https:\/\/www.obozrolkowy.pl\/wp-content\/uploads\/2025\/12\/20250619-264-IMG_9540-net.jpg\"><img loading=\"lazy\" decoding=\"async\" width=\"683\" height=\"1024\" data-id=\"2533\" src=\"https:\/\/www.obozrolkowy.pl\/wp-content\/uploads\/2025\/12\/20250619-264-IMG_9540-net-683x1024.jpg\" alt=\"\" class=\"wp-image-2533\" srcset=\"https:\/\/www.obozrolkowy.pl\/wp-content\/uploads\/2025\/12\/20250619-264-IMG_9540-net-683x1024.jpg 683w, https:\/\/www.obozrolkowy.pl\/wp-content\/uploads\/2025\/12\/20250619-264-IMG_9540-net-200x300.jpg 200w, https:\/\/www.obozrolkowy.pl\/wp-content\/uploads\/2025\/12\/20250619-264-IMG_9540-net-768x1152.jpg 768w, https:\/\/www.obozrolkowy.pl\/wp-content\/uploads\/2025\/12\/20250619-264-IMG_9540-net.jpg 800w\" sizes=\"auto, (max-width: 683px) 100vw, 683px\" \/><\/a><\/figure>\n\n\n\n<figure class=\"wp-block-image size-large\"><a href=\"https:\/\/www.obozrolkowy.pl\/wp-content\/uploads\/2023\/12\/20230902-120-IMG_7767-net.jpg\"><img loading=\"lazy\" decoding=\"async\" width=\"1024\" height=\"683\" data-id=\"1644\" src=\"https:\/\/www.obozrolkowy.pl\/wp-content\/uploads\/2023\/12\/20230902-120-IMG_7767-net-1024x683.jpg\" alt=\"\" class=\"wp-image-1644\" srcset=\"https:\/\/www.obozrolkowy.pl\/wp-content\/uploads\/2023\/12\/20230902-120-IMG_7767-net-1024x683.jpg 1024w, https:\/\/www.obozrolkowy.pl\/wp-content\/uploads\/2023\/12\/20230902-120-IMG_7767-net-300x200.jpg 300w, https:\/\/www.obozrolkowy.pl\/wp-content\/uploads\/2023\/12\/20230902-120-IMG_7767-net-768x512.jpg 768w, https:\/\/www.obozrolkowy.pl\/wp-content\/uploads\/2023\/12\/20230902-120-IMG_7767-net.jpg 1200w\" sizes=\"auto, (max-width: 1024px) 100vw, 1024px\" \/><\/a><\/figure>\n\n\n\n<figure class=\"wp-block-image size-large\"><a href=\"https:\/\/www.obozrolkowy.pl\/wp-content\/uploads\/2023\/10\/20230610-357-IMG_8180-net.jpg\"><img loading=\"lazy\" decoding=\"async\" width=\"683\" height=\"1024\" data-id=\"1565\" src=\"https:\/\/www.obozrolkowy.pl\/wp-content\/uploads\/2023\/10\/20230610-357-IMG_8180-net-683x1024.jpg\" alt=\"\" class=\"wp-image-1565\" srcset=\"https:\/\/www.obozrolkowy.pl\/wp-content\/uploads\/2023\/10\/20230610-357-IMG_8180-net-683x1024.jpg 683w, https:\/\/www.obozrolkowy.pl\/wp-content\/uploads\/2023\/10\/20230610-357-IMG_8180-net-200x300.jpg 200w, https:\/\/www.obozrolkowy.pl\/wp-content\/uploads\/2023\/10\/20230610-357-IMG_8180-net-768x1152.jpg 768w, https:\/\/www.obozrolkowy.pl\/wp-content\/uploads\/2023\/10\/20230610-357-IMG_8180-net.jpg 800w\" sizes=\"auto, (max-width: 683px) 100vw, 683px\" \/><\/a><\/figure>\n\n\n\n<figure class=\"wp-block-image size-large\"><a href=\"https:\/\/www.obozrolkowy.pl\/wp-content\/uploads\/2025\/12\/20250620-122-IMG_1022-net.jpg\"><img loading=\"lazy\" decoding=\"async\" width=\"683\" height=\"1024\" data-id=\"2537\" src=\"https:\/\/www.obozrolkowy.pl\/wp-content\/uploads\/2025\/12\/20250620-122-IMG_1022-net-683x1024.jpg\" alt=\"\" class=\"wp-image-2537\" srcset=\"https:\/\/www.obozrolkowy.pl\/wp-content\/uploads\/2025\/12\/20250620-122-IMG_1022-net-683x1024.jpg 683w, https:\/\/www.obozrolkowy.pl\/wp-content\/uploads\/2025\/12\/20250620-122-IMG_1022-net-200x300.jpg 200w, https:\/\/www.obozrolkowy.pl\/wp-content\/uploads\/2025\/12\/20250620-122-IMG_1022-net-768x1152.jpg 768w, https:\/\/www.obozrolkowy.pl\/wp-content\/uploads\/2025\/12\/20250620-122-IMG_1022-net.jpg 800w\" sizes=\"auto, (max-width: 683px) 100vw, 683px\" \/><\/a><\/figure>\n\n\n\n<figure class=\"wp-block-image size-large\"><a href=\"https:\/\/www.obozrolkowy.pl\/wp-content\/uploads\/2023\/10\/20230610-065-IMG_1040-net.jpg\"><img loading=\"lazy\" decoding=\"async\" width=\"1024\" height=\"683\" data-id=\"1566\" src=\"https:\/\/www.obozrolkowy.pl\/wp-content\/uploads\/2023\/10\/20230610-065-IMG_1040-net-1024x683.jpg\" alt=\"\" class=\"wp-image-1566\" srcset=\"https:\/\/www.obozrolkowy.pl\/wp-content\/uploads\/2023\/10\/20230610-065-IMG_1040-net-1024x683.jpg 1024w, https:\/\/www.obozrolkowy.pl\/wp-content\/uploads\/2023\/10\/20230610-065-IMG_1040-net-300x200.jpg 300w, https:\/\/www.obozrolkowy.pl\/wp-content\/uploads\/2023\/10\/20230610-065-IMG_1040-net-768x512.jpg 768w, https:\/\/www.obozrolkowy.pl\/wp-content\/uploads\/2023\/10\/20230610-065-IMG_1040-net.jpg 1200w\" sizes=\"auto, (max-width: 1024px) 100vw, 1024px\" \/><\/a><\/figure>\n\n\n\n<figure class=\"wp-block-image size-large\"><a href=\"https:\/\/www.obozrolkowy.pl\/wp-content\/uploads\/2023\/12\/20230903-054-IMG_8460-net.jpg\"><img loading=\"lazy\" decoding=\"async\" width=\"1024\" height=\"683\" data-id=\"1647\" src=\"https:\/\/www.obozrolkowy.pl\/wp-content\/uploads\/2023\/12\/20230903-054-IMG_8460-net-1024x683.jpg\" alt=\"\" class=\"wp-image-1647\" srcset=\"https:\/\/www.obozrolkowy.pl\/wp-content\/uploads\/2023\/12\/20230903-054-IMG_8460-net-1024x683.jpg 1024w, https:\/\/www.obozrolkowy.pl\/wp-content\/uploads\/2023\/12\/20230903-054-IMG_8460-net-300x200.jpg 300w, https:\/\/www.obozrolkowy.pl\/wp-content\/uploads\/2023\/12\/20230903-054-IMG_8460-net-768x512.jpg 768w, https:\/\/www.obozrolkowy.pl\/wp-content\/uploads\/2023\/12\/20230903-054-IMG_8460-net.jpg 1200w\" sizes=\"auto, (max-width: 1024px) 100vw, 1024px\" \/><\/a><\/figure>\n\n\n\n<figure class=\"wp-block-image size-large\"><a href=\"https:\/\/www.obozrolkowy.pl\/wp-content\/uploads\/2023\/12\/20230902-179-IMG_7904-net.jpg\"><img loading=\"lazy\" decoding=\"async\" width=\"1024\" height=\"683\" data-id=\"1645\" src=\"https:\/\/www.obozrolkowy.pl\/wp-content\/uploads\/2023\/12\/20230902-179-IMG_7904-net-1024x683.jpg\" alt=\"\" class=\"wp-image-1645\" srcset=\"https:\/\/www.obozrolkowy.pl\/wp-content\/uploads\/2023\/12\/20230902-179-IMG_7904-net-1024x683.jpg 1024w, https:\/\/www.obozrolkowy.pl\/wp-content\/uploads\/2023\/12\/20230902-179-IMG_7904-net-300x200.jpg 300w, https:\/\/www.obozrolkowy.pl\/wp-content\/uploads\/2023\/12\/20230902-179-IMG_7904-net-768x512.jpg 768w, https:\/\/www.obozrolkowy.pl\/wp-content\/uploads\/2023\/12\/20230902-179-IMG_7904-net.jpg 1200w\" sizes=\"auto, (max-width: 1024px) 100vw, 1024px\" \/><\/a><\/figure>\n\n\n\n<figure class=\"wp-block-image size-large\"><a href=\"https:\/\/www.obozrolkowy.pl\/wp-content\/uploads\/2023\/12\/20230903-122-IMG_8642-net.jpg\"><img loading=\"lazy\" decoding=\"async\" width=\"1024\" height=\"683\" data-id=\"1646\" src=\"https:\/\/www.obozrolkowy.pl\/wp-content\/uploads\/2023\/12\/20230903-122-IMG_8642-net-1024x683.jpg\" alt=\"\" class=\"wp-image-1646\" srcset=\"https:\/\/www.obozrolkowy.pl\/wp-content\/uploads\/2023\/12\/20230903-122-IMG_8642-net-1024x683.jpg 1024w, https:\/\/www.obozrolkowy.pl\/wp-content\/uploads\/2023\/12\/20230903-122-IMG_8642-net-300x200.jpg 300w, https:\/\/www.obozrolkowy.pl\/wp-content\/uploads\/2023\/12\/20230903-122-IMG_8642-net-768x512.jpg 768w, https:\/\/www.obozrolkowy.pl\/wp-content\/uploads\/2023\/12\/20230903-122-IMG_8642-net.jpg 1200w\" sizes=\"auto, (max-width: 1024px) 100vw, 1024px\" \/><\/a><\/figure>\n<\/figure>\n\n\n\n<p><a href=\"https:\/\/www.facebook.com\/media\/set\/?set=a.1220857593385492&amp;type=3\" data-type=\"URL\" target=\"_blank\" rel=\"noreferrer noopener\">Galeria zdj\u0119\u0107 z poprzedniego czerwcowego Family Camp 2025<\/a><\/p>\n\n\n\n<p>Jedziemy jak zwykle do&nbsp;<strong>Przysuchy niedaleko Radomia, gdzie w o\u015brodku Marysie\u0144ka<\/strong>&nbsp;b\u0119dziemy mieli do dyspozycji jeden z najlepiej przystosowanych o\u015brodk\u00f3w do jazdy na rolkach\/deskorolkach w Europie.<br>Do dyspozycji b\u0119dziemy mieli&nbsp;<strong>3 skateparki<\/strong>&nbsp;z murkami, boxami i kickerami,&nbsp;<strong>bowla<\/strong>&nbsp;oraz&nbsp;<strong>miniramp\u0119<\/strong>&nbsp;a tak\u017ce&nbsp;<strong>kryt\u0105 sale namiotow\u0105 (800m2)<\/strong>&nbsp;na kt\u00f3rej znajduje sie kolejny skatepark \ud83d\ude09Od tego roku dost\u0119pne jest r\u00f3wnie\u017c 3000m2 wybetonowanych <strong>alejek <\/strong>gotowych do jazdy na cz\u0119\u015bci o\u015brodka z drewnianymi domkami, hal\u0105 i skateparkiem nr 3.<\/p>\n\n\n\n<p>Tutaj rolkami \u017cyjemy 24h na dob\u0119 \ud83d\ude42<\/p>\n\n\n\n<h2 class=\"wp-block-heading\" id=\"czego-bedziemy-sie-uczyc\">Czego b\u0119dziemy si\u0119 uczy\u0107:<\/h2>\n\n\n\n<ul class=\"wp-block-list\">\n<li>podstawy jazdy oraz doskonalenie jazdy na rolkach dla dzieci i doros\u0142ych (utrzymywanie r\u00f3wnowagi, p\u0142ynne poruszanie si\u0119 do przodu, skr\u0119canie, hamowanie, jazda ty\u0142em)<\/li>\n\n\n\n<li>podstawy jazdy dla dzieci z elementami zabawy \u2013 tak\u017ce dla przedszkolak\u00f3w<\/li>\n\n\n\n<li>slidy&nbsp;\u2013 efektywne i efektowne sposoby hamowania dla zaawansowanych<\/li>\n\n\n\n<li>podstawy i doskonalenie jazdy po skateparku<\/li>\n\n\n\n<li>jazda agresywna<\/li>\n\n\n\n<li>freestyle slalom<\/li>\n<\/ul>\n\n\n\n<p>Na miejscu podzielimy si\u0119 na mniejsze grupy (pod k\u0105tem umiej\u0119tno\u015bci)&nbsp;\u2013 ka\u017cda grupa b\u0119dzie \u0107wiczy\u0107 ze swoim instruktorem min. 2h dziennie.<\/p>\n\n\n\n<p>Na rolkow\u0105 maj\u00f3wk\u0119 z Rollschool zapraszamy wszystkie osoby, zar\u00f3wno te kt\u00f3re ju\u017c je\u017cd\u017c\u0105, jak i te, kt\u00f3re dopiero chcia\u0142yby zacz\u0105\u0107 swoj\u0105 przygod\u0119 z butami na 8 k\u00f3\u0142eczkach.<\/p>\n\n\n\n<p>Na miejscu b\u0119dzie dost\u0119pnych minimum 8 instruktor\u00f3w.<\/p>\n\n\n\n<p>Film z majowego wyjazdu do Przysuchy w 2024:<\/p>\n\n\n\n<figure class=\"wp-block-embed is-type-video is-provider-youtube wp-block-embed-youtube wp-embed-aspect-16-9 wp-has-aspect-ratio\"><div class=\"wp-block-embed__wrapper\">\n<div class=\"ratio ratio-16x9\"><iframe loading=\"lazy\" title=\"Rodzinna Rolkowa Maj\u00f3wka z Rollschool 2024\" width=\"640\" height=\"360\" src=\"https:\/\/www.youtube.com\/embed\/6eaQ4ZRae0g?feature=oembed\" frameborder=\"0\" allow=\"accelerometer; autoplay; clipboard-write; encrypted-media; gyroscope; picture-in-picture; web-share\" referrerpolicy=\"strict-origin-when-cross-origin\" allowfullscreen><\/iframe><\/div>\n<\/div><\/figure>\n\n\n<p data-start=\"98\" data-end=\"230\"><strong data-start=\"98\" data-end=\"168\">Przed zapisaniem rodziny na wyjazd zapoznaj si\u0119 z poziomami jazdy.<\/strong><br data-start=\"168\" data-end=\"171\" \/>Kliknij poni\u017cej, aby <strong data-start=\"192\" data-end=\"229\">pobra\u0107 plik PDF z opisem poziom\u00f3w<\/strong>:<\/p>\n<ul data-start=\"232\" data-end=\"282\">\n<li data-start=\"232\" data-end=\"282\">\n<p data-start=\"234\" data-end=\"282\"><a href=\"https:\/\/www.obozrolkowy.pl\/wp-content\/uploads\/2025\/11\/Poziomy-jazdy-Przysucha.pdf\"><strong data-start=\"234\" data-end=\"265\">Pobierz poziomy jazdy (PDF)<\/strong><\/a><\/p>\n<\/li>\n<\/ul>\n<p data-start=\"262\" data-end=\"335\">Poziomy grup dost\u0119pnych na wyje\u017adzie znajdziesz w <strong data-start=\"312\" data-end=\"334\">ankiecie zapisowej<\/strong>.<\/p>\n\n\n<p><\/p>\n\n\n\n<script src=\"https:\/\/rollschool.skaleo.pl\/wp-content\/themes\/skaleo\/js\/iframeResizer.min.js?v=1.13\"><\/script><iframe class=\"skaleo-iframe\" id=\"iFrameSkaleo310\" src=\"https:\/\/rollschool.skaleo.pl\/wyjazdy\/czerwcowy-family-camp-2025\/?registration=popup&#038;singles_only=false&#038;lang=pl_PL\"  style=\"width:1px; min-width: 100%;max-width: 100%; border:none; margin:0; padding:0; overflow:hidden;\"><\/iframe>\n\n\n\n<p>W przypadku braku wolnych miejsc prosimy o wype\u0142nienie poni\u017cszego formularza<\/p>\n\n\n\n<script src=\"https:\/\/rollschool.skaleo.pl\/wp-content\/themes\/skaleo\/js\/iframeResizer.min.js?v=1.13\"><\/script><iframe class=\"skaleo-iframe\" id=\"iFrameSkaleo395\" src=\"https:\/\/rollschool.skaleo.pl\/wyjazdy\/czerwcowy-family-camp-2026\/?registration=popup&#038;singles_only=false&#038;lang=pl_PL\"  style=\"width:1px; min-width: 100%;max-width: 100%; border:none; margin:0; padding:0; overflow:hidden;\"><\/iframe>\n","protected":false},"excerpt":{"rendered":"<p>Zapraszamy na rolkowe szale\u0144stwo \ud83d\ude09 Rollschool Family Camp czyli rodzinnego wyjazdu wakacyjnego dla rodzin po\u0142\u0105czonym z intensywnym kurem jazdy na rolkach. Tutaj rolkami \u017cyjemy 24h na dob\u0119 \ud83d\ude42 Mieszka\u0107 b\u0119dziemy w o\u015brodku Marysie\u0144ka w Przysusze (120 km od Warszawy&nbsp;\u2013 ok. 1,5 h od Warszawy). Galeria zdj\u0119\u0107 z poprzedniego czerwcowego Family Camp 2025 Jedziemy jak zwykle [&hellip;]<\/p>\n","protected":false},"author":1,"featured_media":2532,"parent":13,"menu_order":0,"comment_status":"closed","ping_status":"closed","template":"page-full-width-image-wyjazd.php","meta":{"_acf_changed":false,"footnotes":""},"class_list":["post-367","page","type-page","status-publish","has-post-thumbnail","hentry"],"acf":[],"_links":{"self":[{"href":"https:\/\/www.obozrolkowy.pl\/index.php\/wp-json\/wp\/v2\/pages\/367","targetHints":{"allow":["GET"]}}],"collection":[{"href":"https:\/\/www.obozrolkowy.pl\/index.php\/wp-json\/wp\/v2\/pages"}],"about":[{"href":"https:\/\/www.obozrolkowy.pl\/index.php\/wp-json\/wp\/v2\/types\/page"}],"author":[{"embeddable":true,"href":"https:\/\/www.obozrolkowy.pl\/index.php\/wp-json\/wp\/v2\/users\/1"}],"replies":[{"embeddable":true,"href":"https:\/\/www.obozrolkowy.pl\/index.php\/wp-json\/wp\/v2\/comments?post=367"}],"version-history":[{"count":114,"href":"https:\/\/www.obozrolkowy.pl\/index.php\/wp-json\/wp\/v2\/pages\/367\/revisions"}],"predecessor-version":[{"id":2737,"href":"https:\/\/www.obozrolkowy.pl\/index.php\/wp-json\/wp\/v2\/pages\/367\/revisions\/2737"}],"up":[{"embeddable":true,"href":"https:\/\/www.obozrolkowy.pl\/index.php\/wp-json\/wp\/v2\/pages\/13"}],"wp:featuredmedia":[{"embeddable":true,"href":"https:\/\/www.obozrolkowy.pl\/index.php\/wp-json\/wp\/v2\/media\/2532"}],"wp:attachment":[{"href":"https:\/\/www.obozrolkowy.pl\/index.php\/wp-json\/wp\/v2\/media?parent=367"}],"curies":[{"name":"wp","href":"https:\/\/api.w.org\/{rel}","templated":true}]}}