{"id":52,"date":"2021-12-18T00:09:47","date_gmt":"2021-12-18T00:09:47","guid":{"rendered":"https:\/\/www.obozrolkowy.pl\/?page_id=52"},"modified":"2026-02-13T09:06:38","modified_gmt":"2026-02-13T09:06:38","slug":"polkolonie","status":"publish","type":"page","link":"https:\/\/www.obozrolkowy.pl\/index.php\/polkolonie\/","title":{"rendered":"P\u00f3\u0142kolonie"},"content":{"rendered":"<div id=\"fb-root\"><\/div>\n\n<div style=\"height:60px\" aria-hidden=\"true\" class=\"wp-block-spacer\"><\/div>\n\n\n\n<p><strong>P\u00d3\u0141KOLONIE ROLKOWE DLA DZIECI&nbsp;<\/strong>Z ROLLSCHOOL organizujemy jako Fundacja zar\u00f3wno w lato jak i w zim\u0119.<\/p>\n\n\n\n<p>Gwarantujemy aktywne zaj\u0119cia z du\u017c\u0105 porcj\u0105 gier i zabaw \ud83d\ude42<\/p>\n\n\n\n<p>Zaj\u0119cia obejmuj\u0105 nauk\u0119 podstaw jazdy na rolkach, dla \u015brednio i zaawansowanych, slalomu oraz jazdy po torze przeszk\u00f3d w podziale na grupy pod katem umiej\u0119tno\u015bci.<br>Przewidujemy 3-4 grupy w zale\u017cno\u015bci od poziomu jazdy Pa\u0144stwa dziecka<\/p>\n\n\n\n<p>Turnusy p\u00f3\u0142kolonii trwaj\u0105 od poniedzia\u0142ku do pi\u0105tku w godzinach 8.00 -16.45<\/p>\n\n\n\n<p>W ci\u0105gu dnia zapewniamy:<br>3 pe\u0142nowarto\u015bciowe posi\u0142ki (2 \u015bniadanie, obiad i podwieczorek)<br>codziennie 2 x 2h zaj\u0119\u0107 rolkowych co daje 20h lekcji w ci\u0105gu tygodnia<br>Codziennie inn\u0105 atrakcje dnia<br><\/p>\n\n\n\n<div style=\"height:60px\" aria-hidden=\"true\" class=\"wp-block-spacer\"><\/div>\n\n\n\n<figure class=\"wp-block-gallery has-nested-images columns-4 is-cropped wp-block-gallery-1 is-layout-flex wp-block-gallery-is-layout-flex\">\n<figure class=\"wp-block-image size-large\"><a href=\"https:\/\/www.obozrolkowy.pl\/wp-content\/uploads\/2024\/03\/419233028_830246892446566_2348632162623197863_n.jpg\"><img loading=\"lazy\" decoding=\"async\" width=\"1024\" height=\"576\" data-id=\"1881\" src=\"https:\/\/www.obozrolkowy.pl\/wp-content\/uploads\/2024\/03\/419233028_830246892446566_2348632162623197863_n-1024x576.jpg\" alt=\"\" class=\"wp-image-1881\" srcset=\"https:\/\/www.obozrolkowy.pl\/wp-content\/uploads\/2024\/03\/419233028_830246892446566_2348632162623197863_n-1024x576.jpg 1024w, https:\/\/www.obozrolkowy.pl\/wp-content\/uploads\/2024\/03\/419233028_830246892446566_2348632162623197863_n-300x169.jpg 300w, https:\/\/www.obozrolkowy.pl\/wp-content\/uploads\/2024\/03\/419233028_830246892446566_2348632162623197863_n-768x432.jpg 768w, https:\/\/www.obozrolkowy.pl\/wp-content\/uploads\/2024\/03\/419233028_830246892446566_2348632162623197863_n-1536x864.jpg 1536w, https:\/\/www.obozrolkowy.pl\/wp-content\/uploads\/2024\/03\/419233028_830246892446566_2348632162623197863_n.jpg 2048w\" sizes=\"auto, (max-width: 1024px) 100vw, 1024px\" \/><\/a><\/figure>\n\n\n\n<figure class=\"wp-block-image size-full\"><a href=\"https:\/\/www.obozrolkowy.pl\/wp-content\/uploads\/2024\/03\/369782853_741286818009241_7147431654381095504_n.jpg\"><img loading=\"lazy\" decoding=\"async\" width=\"960\" height=\"540\" data-id=\"1885\" src=\"https:\/\/www.obozrolkowy.pl\/wp-content\/uploads\/2024\/03\/369782853_741286818009241_7147431654381095504_n.jpg\" alt=\"\" class=\"wp-image-1885\" srcset=\"https:\/\/www.obozrolkowy.pl\/wp-content\/uploads\/2024\/03\/369782853_741286818009241_7147431654381095504_n.jpg 960w, https:\/\/www.obozrolkowy.pl\/wp-content\/uploads\/2024\/03\/369782853_741286818009241_7147431654381095504_n-300x169.jpg 300w, https:\/\/www.obozrolkowy.pl\/wp-content\/uploads\/2024\/03\/369782853_741286818009241_7147431654381095504_n-768x432.jpg 768w\" sizes=\"auto, (max-width: 960px) 100vw, 960px\" \/><\/a><\/figure>\n\n\n\n<figure class=\"wp-block-image size-large\"><a href=\"https:\/\/www.obozrolkowy.pl\/wp-content\/uploads\/2026\/02\/529841898_1258085216329396_5396440601895684141_n.jpg\"><img loading=\"lazy\" decoding=\"async\" width=\"1024\" height=\"768\" data-id=\"2606\" src=\"https:\/\/www.obozrolkowy.pl\/wp-content\/uploads\/2026\/02\/529841898_1258085216329396_5396440601895684141_n-1024x768.jpg\" alt=\"\" class=\"wp-image-2606\" srcset=\"https:\/\/www.obozrolkowy.pl\/wp-content\/uploads\/2026\/02\/529841898_1258085216329396_5396440601895684141_n-1024x768.jpg 1024w, https:\/\/www.obozrolkowy.pl\/wp-content\/uploads\/2026\/02\/529841898_1258085216329396_5396440601895684141_n-300x225.jpg 300w, https:\/\/www.obozrolkowy.pl\/wp-content\/uploads\/2026\/02\/529841898_1258085216329396_5396440601895684141_n-768x576.jpg 768w, https:\/\/www.obozrolkowy.pl\/wp-content\/uploads\/2026\/02\/529841898_1258085216329396_5396440601895684141_n-1536x1152.jpg 1536w, https:\/\/www.obozrolkowy.pl\/wp-content\/uploads\/2026\/02\/529841898_1258085216329396_5396440601895684141_n.jpg 1600w\" sizes=\"auto, (max-width: 1024px) 100vw, 1024px\" \/><\/a><\/figure>\n\n\n\n<figure class=\"wp-block-image size-large\"><a href=\"https:\/\/www.obozrolkowy.pl\/wp-content\/uploads\/2024\/11\/419231314_831604165644172_4548925582236544000_n.jpg\"><img loading=\"lazy\" decoding=\"async\" width=\"1024\" height=\"576\" data-id=\"2019\" src=\"https:\/\/www.obozrolkowy.pl\/wp-content\/uploads\/2024\/11\/419231314_831604165644172_4548925582236544000_n-1024x576.jpg\" alt=\"\" class=\"wp-image-2019\" srcset=\"https:\/\/www.obozrolkowy.pl\/wp-content\/uploads\/2024\/11\/419231314_831604165644172_4548925582236544000_n-1024x576.jpg 1024w, https:\/\/www.obozrolkowy.pl\/wp-content\/uploads\/2024\/11\/419231314_831604165644172_4548925582236544000_n-300x169.jpg 300w, https:\/\/www.obozrolkowy.pl\/wp-content\/uploads\/2024\/11\/419231314_831604165644172_4548925582236544000_n-768x432.jpg 768w, https:\/\/www.obozrolkowy.pl\/wp-content\/uploads\/2024\/11\/419231314_831604165644172_4548925582236544000_n-1536x864.jpg 1536w, https:\/\/www.obozrolkowy.pl\/wp-content\/uploads\/2024\/11\/419231314_831604165644172_4548925582236544000_n.jpg 2048w\" sizes=\"auto, (max-width: 1024px) 100vw, 1024px\" \/><\/a><\/figure>\n\n\n\n<figure class=\"wp-block-image size-full\"><a href=\"https:\/\/www.obozrolkowy.pl\/wp-content\/uploads\/2024\/03\/371115378_741286911342565_4304641818460362029_n.jpg\"><img loading=\"lazy\" decoding=\"async\" width=\"960\" height=\"540\" data-id=\"1884\" src=\"https:\/\/www.obozrolkowy.pl\/wp-content\/uploads\/2024\/03\/371115378_741286911342565_4304641818460362029_n.jpg\" alt=\"\" class=\"wp-image-1884\" srcset=\"https:\/\/www.obozrolkowy.pl\/wp-content\/uploads\/2024\/03\/371115378_741286911342565_4304641818460362029_n.jpg 960w, https:\/\/www.obozrolkowy.pl\/wp-content\/uploads\/2024\/03\/371115378_741286911342565_4304641818460362029_n-300x169.jpg 300w, https:\/\/www.obozrolkowy.pl\/wp-content\/uploads\/2024\/03\/371115378_741286911342565_4304641818460362029_n-768x432.jpg 768w\" sizes=\"auto, (max-width: 960px) 100vw, 960px\" \/><\/a><\/figure>\n\n\n\n<figure class=\"wp-block-image size-large\"><a href=\"https:\/\/www.obozrolkowy.pl\/wp-content\/uploads\/2026\/02\/IMG-20240716-WA0067.jpg\"><img loading=\"lazy\" decoding=\"async\" width=\"1024\" height=\"576\" data-id=\"2688\" src=\"https:\/\/www.obozrolkowy.pl\/wp-content\/uploads\/2026\/02\/IMG-20240716-WA0067-1024x576.jpg\" alt=\"\" class=\"wp-image-2688\" srcset=\"https:\/\/www.obozrolkowy.pl\/wp-content\/uploads\/2026\/02\/IMG-20240716-WA0067-1024x576.jpg 1024w, https:\/\/www.obozrolkowy.pl\/wp-content\/uploads\/2026\/02\/IMG-20240716-WA0067-300x169.jpg 300w, https:\/\/www.obozrolkowy.pl\/wp-content\/uploads\/2026\/02\/IMG-20240716-WA0067-768x432.jpg 768w, https:\/\/www.obozrolkowy.pl\/wp-content\/uploads\/2026\/02\/IMG-20240716-WA0067-1536x864.jpg 1536w, https:\/\/www.obozrolkowy.pl\/wp-content\/uploads\/2026\/02\/IMG-20240716-WA0067.jpg 1600w\" sizes=\"auto, (max-width: 1024px) 100vw, 1024px\" \/><\/a><\/figure>\n<\/figure>\n\n\n\n<div style=\"height:60px\" aria-hidden=\"true\" class=\"wp-block-spacer\"><\/div>\n\n\n\n<figure class=\"wp-block-gallery has-nested-images columns-4 is-cropped wp-block-gallery-2 is-layout-flex wp-block-gallery-is-layout-flex\">\n<figure class=\"wp-block-image size-large\"><a href=\"https:\/\/www.obozrolkowy.pl\/wp-content\/uploads\/2026\/02\/IMG-20240802-WA0003.jpg\"><img loading=\"lazy\" decoding=\"async\" width=\"1024\" height=\"461\" data-id=\"2674\" src=\"https:\/\/www.obozrolkowy.pl\/wp-content\/uploads\/2026\/02\/IMG-20240802-WA0003-1024x461.jpg\" alt=\"\" class=\"wp-image-2674\" srcset=\"https:\/\/www.obozrolkowy.pl\/wp-content\/uploads\/2026\/02\/IMG-20240802-WA0003-1024x461.jpg 1024w, https:\/\/www.obozrolkowy.pl\/wp-content\/uploads\/2026\/02\/IMG-20240802-WA0003-300x135.jpg 300w, https:\/\/www.obozrolkowy.pl\/wp-content\/uploads\/2026\/02\/IMG-20240802-WA0003-768x345.jpg 768w, https:\/\/www.obozrolkowy.pl\/wp-content\/uploads\/2026\/02\/IMG-20240802-WA0003-1536x691.jpg 1536w, https:\/\/www.obozrolkowy.pl\/wp-content\/uploads\/2026\/02\/IMG-20240802-WA0003.jpg 2048w\" sizes=\"auto, (max-width: 1024px) 100vw, 1024px\" \/><\/a><\/figure>\n\n\n\n<figure class=\"wp-block-image size-large\"><a href=\"https:\/\/www.obozrolkowy.pl\/wp-content\/uploads\/2026\/02\/IMG-20240802-WA0027.jpg\"><img loading=\"lazy\" decoding=\"async\" width=\"1024\" height=\"461\" data-id=\"2675\" src=\"https:\/\/www.obozrolkowy.pl\/wp-content\/uploads\/2026\/02\/IMG-20240802-WA0027-1024x461.jpg\" alt=\"\" class=\"wp-image-2675\" srcset=\"https:\/\/www.obozrolkowy.pl\/wp-content\/uploads\/2026\/02\/IMG-20240802-WA0027-1024x461.jpg 1024w, https:\/\/www.obozrolkowy.pl\/wp-content\/uploads\/2026\/02\/IMG-20240802-WA0027-300x135.jpg 300w, https:\/\/www.obozrolkowy.pl\/wp-content\/uploads\/2026\/02\/IMG-20240802-WA0027-768x346.jpg 768w, https:\/\/www.obozrolkowy.pl\/wp-content\/uploads\/2026\/02\/IMG-20240802-WA0027-1536x691.jpg 1536w, https:\/\/www.obozrolkowy.pl\/wp-content\/uploads\/2026\/02\/IMG-20240802-WA0027.jpg 2000w\" sizes=\"auto, (max-width: 1024px) 100vw, 1024px\" \/><\/a><\/figure>\n\n\n\n<figure class=\"wp-block-image size-large\"><a href=\"https:\/\/www.obozrolkowy.pl\/wp-content\/uploads\/2026\/02\/IMG-20240717-WA0012-scaled.jpg\"><img loading=\"lazy\" decoding=\"async\" width=\"1024\" height=\"576\" data-id=\"2677\" src=\"https:\/\/www.obozrolkowy.pl\/wp-content\/uploads\/2026\/02\/IMG-20240717-WA0012-1024x576.jpg\" alt=\"\" class=\"wp-image-2677\" srcset=\"https:\/\/www.obozrolkowy.pl\/wp-content\/uploads\/2026\/02\/IMG-20240717-WA0012-1024x576.jpg 1024w, https:\/\/www.obozrolkowy.pl\/wp-content\/uploads\/2026\/02\/IMG-20240717-WA0012-300x169.jpg 300w, https:\/\/www.obozrolkowy.pl\/wp-content\/uploads\/2026\/02\/IMG-20240717-WA0012-768x432.jpg 768w, https:\/\/www.obozrolkowy.pl\/wp-content\/uploads\/2026\/02\/IMG-20240717-WA0012-1536x864.jpg 1536w, https:\/\/www.obozrolkowy.pl\/wp-content\/uploads\/2026\/02\/IMG-20240717-WA0012-2048x1152.jpg 2048w\" sizes=\"auto, (max-width: 1024px) 100vw, 1024px\" \/><\/a><\/figure>\n\n\n\n<figure class=\"wp-block-image size-large\"><a href=\"https:\/\/www.obozrolkowy.pl\/wp-content\/uploads\/2026\/02\/IMG-20240720-WA0013-scaled.jpg\"><img loading=\"lazy\" decoding=\"async\" width=\"1024\" height=\"576\" data-id=\"2678\" src=\"https:\/\/www.obozrolkowy.pl\/wp-content\/uploads\/2026\/02\/IMG-20240720-WA0013-1024x576.jpg\" alt=\"\" class=\"wp-image-2678\" srcset=\"https:\/\/www.obozrolkowy.pl\/wp-content\/uploads\/2026\/02\/IMG-20240720-WA0013-1024x576.jpg 1024w, https:\/\/www.obozrolkowy.pl\/wp-content\/uploads\/2026\/02\/IMG-20240720-WA0013-300x169.jpg 300w, https:\/\/www.obozrolkowy.pl\/wp-content\/uploads\/2026\/02\/IMG-20240720-WA0013-768x432.jpg 768w, https:\/\/www.obozrolkowy.pl\/wp-content\/uploads\/2026\/02\/IMG-20240720-WA0013-1536x864.jpg 1536w, https:\/\/www.obozrolkowy.pl\/wp-content\/uploads\/2026\/02\/IMG-20240720-WA0013-2048x1152.jpg 2048w\" sizes=\"auto, (max-width: 1024px) 100vw, 1024px\" \/><\/a><\/figure>\n\n\n\n<figure class=\"wp-block-image size-large\"><a href=\"https:\/\/www.obozrolkowy.pl\/wp-content\/uploads\/2026\/02\/IMG-20240820-WA0032.jpg\"><img loading=\"lazy\" decoding=\"async\" width=\"1024\" height=\"768\" data-id=\"2679\" src=\"https:\/\/www.obozrolkowy.pl\/wp-content\/uploads\/2026\/02\/IMG-20240820-WA0032-1024x768.jpg\" alt=\"\" class=\"wp-image-2679\" srcset=\"https:\/\/www.obozrolkowy.pl\/wp-content\/uploads\/2026\/02\/IMG-20240820-WA0032-1024x768.jpg 1024w, https:\/\/www.obozrolkowy.pl\/wp-content\/uploads\/2026\/02\/IMG-20240820-WA0032-300x225.jpg 300w, https:\/\/www.obozrolkowy.pl\/wp-content\/uploads\/2026\/02\/IMG-20240820-WA0032-768x576.jpg 768w, https:\/\/www.obozrolkowy.pl\/wp-content\/uploads\/2026\/02\/IMG-20240820-WA0032-1536x1152.jpg 1536w, https:\/\/www.obozrolkowy.pl\/wp-content\/uploads\/2026\/02\/IMG-20240820-WA0032.jpg 1600w\" sizes=\"auto, (max-width: 1024px) 100vw, 1024px\" \/><\/a><\/figure>\n\n\n\n<figure class=\"wp-block-image size-large\"><a href=\"https:\/\/www.obozrolkowy.pl\/wp-content\/uploads\/2026\/02\/IMG-20250210-WA0011-scaled.jpg\"><img loading=\"lazy\" decoding=\"async\" width=\"1024\" height=\"768\" data-id=\"2680\" src=\"https:\/\/www.obozrolkowy.pl\/wp-content\/uploads\/2026\/02\/IMG-20250210-WA0011-1024x768.jpg\" alt=\"\" class=\"wp-image-2680\" srcset=\"https:\/\/www.obozrolkowy.pl\/wp-content\/uploads\/2026\/02\/IMG-20250210-WA0011-1024x768.jpg 1024w, https:\/\/www.obozrolkowy.pl\/wp-content\/uploads\/2026\/02\/IMG-20250210-WA0011-300x225.jpg 300w, https:\/\/www.obozrolkowy.pl\/wp-content\/uploads\/2026\/02\/IMG-20250210-WA0011-768x576.jpg 768w, https:\/\/www.obozrolkowy.pl\/wp-content\/uploads\/2026\/02\/IMG-20250210-WA0011-1536x1152.jpg 1536w, https:\/\/www.obozrolkowy.pl\/wp-content\/uploads\/2026\/02\/IMG-20250210-WA0011-2048x1536.jpg 2048w\" sizes=\"auto, (max-width: 1024px) 100vw, 1024px\" \/><\/a><\/figure>\n\n\n\n<figure class=\"wp-block-image size-large\"><a href=\"https:\/\/www.obozrolkowy.pl\/wp-content\/uploads\/2026\/02\/IMG-20250214-WA0040-scaled.jpg\"><img loading=\"lazy\" decoding=\"async\" width=\"1024\" height=\"576\" data-id=\"2681\" src=\"https:\/\/www.obozrolkowy.pl\/wp-content\/uploads\/2026\/02\/IMG-20250214-WA0040-1024x576.jpg\" alt=\"\" class=\"wp-image-2681\" srcset=\"https:\/\/www.obozrolkowy.pl\/wp-content\/uploads\/2026\/02\/IMG-20250214-WA0040-1024x576.jpg 1024w, https:\/\/www.obozrolkowy.pl\/wp-content\/uploads\/2026\/02\/IMG-20250214-WA0040-300x169.jpg 300w, https:\/\/www.obozrolkowy.pl\/wp-content\/uploads\/2026\/02\/IMG-20250214-WA0040-768x432.jpg 768w, https:\/\/www.obozrolkowy.pl\/wp-content\/uploads\/2026\/02\/IMG-20250214-WA0040-1536x864.jpg 1536w, https:\/\/www.obozrolkowy.pl\/wp-content\/uploads\/2026\/02\/IMG-20250214-WA0040-2048x1152.jpg 2048w\" sizes=\"auto, (max-width: 1024px) 100vw, 1024px\" \/><\/a><\/figure>\n<\/figure>\n\n\n\n<p><strong>Zaj\u0119cia prowadzi\u0107 b\u0119d\u0105 do\u015bwiadczeni w pracy z dzie\u0107mi instruktorzy Rollschool<\/strong>.<\/p>\n\n\n\n<figure class=\"wp-block-gallery has-nested-images columns-4 is-cropped wp-block-gallery-3 is-layout-flex wp-block-gallery-is-layout-flex\">\n<figure class=\"wp-block-image size-large\"><a href=\"https:\/\/www.obozrolkowy.pl\/wp-content\/uploads\/2026\/02\/IMG-20250207-WA0042.jpg\"><img loading=\"lazy\" decoding=\"async\" width=\"1024\" height=\"461\" data-id=\"2682\" src=\"https:\/\/www.obozrolkowy.pl\/wp-content\/uploads\/2026\/02\/IMG-20250207-WA0042-1024x461.jpg\" alt=\"\" class=\"wp-image-2682\" srcset=\"https:\/\/www.obozrolkowy.pl\/wp-content\/uploads\/2026\/02\/IMG-20250207-WA0042-1024x461.jpg 1024w, https:\/\/www.obozrolkowy.pl\/wp-content\/uploads\/2026\/02\/IMG-20250207-WA0042-300x135.jpg 300w, https:\/\/www.obozrolkowy.pl\/wp-content\/uploads\/2026\/02\/IMG-20250207-WA0042-768x346.jpg 768w, https:\/\/www.obozrolkowy.pl\/wp-content\/uploads\/2026\/02\/IMG-20250207-WA0042-1536x691.jpg 1536w, https:\/\/www.obozrolkowy.pl\/wp-content\/uploads\/2026\/02\/IMG-20250207-WA0042.jpg 1600w\" sizes=\"auto, (max-width: 1024px) 100vw, 1024px\" \/><\/a><\/figure>\n\n\n\n<figure class=\"wp-block-image size-large\"><a href=\"https:\/\/www.obozrolkowy.pl\/wp-content\/uploads\/2026\/02\/IMG-20250214-WA0111-scaled.jpg\"><img loading=\"lazy\" decoding=\"async\" width=\"1024\" height=\"576\" data-id=\"2683\" src=\"https:\/\/www.obozrolkowy.pl\/wp-content\/uploads\/2026\/02\/IMG-20250214-WA0111-1024x576.jpg\" alt=\"\" class=\"wp-image-2683\" srcset=\"https:\/\/www.obozrolkowy.pl\/wp-content\/uploads\/2026\/02\/IMG-20250214-WA0111-1024x576.jpg 1024w, https:\/\/www.obozrolkowy.pl\/wp-content\/uploads\/2026\/02\/IMG-20250214-WA0111-300x169.jpg 300w, https:\/\/www.obozrolkowy.pl\/wp-content\/uploads\/2026\/02\/IMG-20250214-WA0111-768x432.jpg 768w, https:\/\/www.obozrolkowy.pl\/wp-content\/uploads\/2026\/02\/IMG-20250214-WA0111-1536x864.jpg 1536w, https:\/\/www.obozrolkowy.pl\/wp-content\/uploads\/2026\/02\/IMG-20250214-WA0111-2048x1152.jpg 2048w\" sizes=\"auto, (max-width: 1024px) 100vw, 1024px\" \/><\/a><\/figure>\n\n\n\n<figure class=\"wp-block-image size-large\"><a href=\"https:\/\/www.obozrolkowy.pl\/wp-content\/uploads\/2026\/02\/IMG-20240802-WA0058-scaled.jpg\"><img loading=\"lazy\" decoding=\"async\" width=\"1024\" height=\"576\" data-id=\"2684\" src=\"https:\/\/www.obozrolkowy.pl\/wp-content\/uploads\/2026\/02\/IMG-20240802-WA0058-1024x576.jpg\" alt=\"\" class=\"wp-image-2684\" srcset=\"https:\/\/www.obozrolkowy.pl\/wp-content\/uploads\/2026\/02\/IMG-20240802-WA0058-1024x576.jpg 1024w, https:\/\/www.obozrolkowy.pl\/wp-content\/uploads\/2026\/02\/IMG-20240802-WA0058-300x169.jpg 300w, https:\/\/www.obozrolkowy.pl\/wp-content\/uploads\/2026\/02\/IMG-20240802-WA0058-768x432.jpg 768w, https:\/\/www.obozrolkowy.pl\/wp-content\/uploads\/2026\/02\/IMG-20240802-WA0058-1536x864.jpg 1536w, https:\/\/www.obozrolkowy.pl\/wp-content\/uploads\/2026\/02\/IMG-20240802-WA0058-2048x1152.jpg 2048w\" sizes=\"auto, (max-width: 1024px) 100vw, 1024px\" \/><\/a><\/figure>\n\n\n\n<figure class=\"wp-block-image size-large\"><a href=\"https:\/\/www.obozrolkowy.pl\/wp-content\/uploads\/2026\/02\/IMG-20250207-WA0023.jpg\"><img loading=\"lazy\" decoding=\"async\" width=\"1024\" height=\"461\" data-id=\"2685\" src=\"https:\/\/www.obozrolkowy.pl\/wp-content\/uploads\/2026\/02\/IMG-20250207-WA0023-1024x461.jpg\" alt=\"\" class=\"wp-image-2685\" srcset=\"https:\/\/www.obozrolkowy.pl\/wp-content\/uploads\/2026\/02\/IMG-20250207-WA0023-1024x461.jpg 1024w, https:\/\/www.obozrolkowy.pl\/wp-content\/uploads\/2026\/02\/IMG-20250207-WA0023-300x135.jpg 300w, https:\/\/www.obozrolkowy.pl\/wp-content\/uploads\/2026\/02\/IMG-20250207-WA0023-768x346.jpg 768w, https:\/\/www.obozrolkowy.pl\/wp-content\/uploads\/2026\/02\/IMG-20250207-WA0023-1536x691.jpg 1536w, https:\/\/www.obozrolkowy.pl\/wp-content\/uploads\/2026\/02\/IMG-20250207-WA0023.jpg 1600w\" sizes=\"auto, (max-width: 1024px) 100vw, 1024px\" \/><\/a><\/figure>\n<\/figure>\n\n\n\n<p><strong>Wiek uczestnik\u00f3w:<\/strong><br>6-13 lat<\/p>\n\n\n\n<p>[bs-list type=&#8221;page&#8221; post_parent=&#8221;52&#8243; order=&#8221;DESC&#8221; orderby=&#8221;date&#8221;]<\/p>\n\n\n\n<div style=\"height:60px\" aria-hidden=\"true\" class=\"wp-block-spacer\"><\/div>\n","protected":false},"excerpt":{"rendered":"<p>P\u00d3\u0141KOLONIE ROLKOWE DLA DZIECI&nbsp;Z ROLLSCHOOL organizujemy jako Fundacja zar\u00f3wno w lato jak i w zim\u0119. Gwarantujemy aktywne zaj\u0119cia z du\u017c\u0105 porcj\u0105 gier i zabaw \ud83d\ude42 Zaj\u0119cia obejmuj\u0105 nauk\u0119 podstaw jazdy na rolkach, dla \u015brednio i zaawansowanych, slalomu oraz jazdy po torze przeszk\u00f3d w podziale na grupy pod katem umiej\u0119tno\u015bci.Przewidujemy 3-4 grupy w zale\u017cno\u015bci od poziomu [&hellip;]<\/p>\n","protected":false},"author":1,"featured_media":2604,"parent":0,"menu_order":0,"comment_status":"closed","ping_status":"closed","template":"page-sidebar-none.php","meta":{"_acf_changed":false,"footnotes":""},"class_list":["post-52","page","type-page","status-publish","has-post-thumbnail","hentry"],"acf":[],"_links":{"self":[{"href":"https:\/\/www.obozrolkowy.pl\/index.php\/wp-json\/wp\/v2\/pages\/52","targetHints":{"allow":["GET"]}}],"collection":[{"href":"https:\/\/www.obozrolkowy.pl\/index.php\/wp-json\/wp\/v2\/pages"}],"about":[{"href":"https:\/\/www.obozrolkowy.pl\/index.php\/wp-json\/wp\/v2\/types\/page"}],"author":[{"embeddable":true,"href":"https:\/\/www.obozrolkowy.pl\/index.php\/wp-json\/wp\/v2\/users\/1"}],"replies":[{"embeddable":true,"href":"https:\/\/www.obozrolkowy.pl\/index.php\/wp-json\/wp\/v2\/comments?post=52"}],"version-history":[{"count":49,"href":"https:\/\/www.obozrolkowy.pl\/index.php\/wp-json\/wp\/v2\/pages\/52\/revisions"}],"predecessor-version":[{"id":2689,"href":"https:\/\/www.obozrolkowy.pl\/index.php\/wp-json\/wp\/v2\/pages\/52\/revisions\/2689"}],"wp:featuredmedia":[{"embeddable":true,"href":"https:\/\/www.obozrolkowy.pl\/index.php\/wp-json\/wp\/v2\/media\/2604"}],"wp:attachment":[{"href":"https:\/\/www.obozrolkowy.pl\/index.php\/wp-json\/wp\/v2\/media?parent=52"}],"curies":[{"name":"wp","href":"https:\/\/api.w.org\/{rel}","templated":true}]}}