{"id":776,"date":"2022-01-11T14:13:50","date_gmt":"2022-01-11T14:13:50","guid":{"rendered":"https:\/\/www.obozrolkowy.pl\/?page_id=776"},"modified":"2026-03-05T09:03:11","modified_gmt":"2026-03-05T09:03:11","slug":"oboz-rolkowy-w-janowie-lubelskim-10-19-lipca-2026","status":"publish","type":"page","link":"https:\/\/www.obozrolkowy.pl\/index.php\/letnie-obozy-dla-dzieci\/oboz-rolkowy-w-janowie-lubelskim-10-19-lipca-2026\/","title":{"rendered":"Ob\u00f3z rolkowy w Janowie Lubelskim 10 &#8211; 19 lipca 2026"},"content":{"rendered":"<div id=\"fb-root\"><\/div>\n\n<p id=\"block-5f1b41fe-4c64-4e1a-8e6d-a14546717f2e\">Wszystkich mi\u0142o\u015bnik\u00f3w jazdy na rolkach w wieku <strong>7-17 lat<\/strong> zapraszamy na <strong>ob\u00f3z rolkowy w Janowie Lubelskim.<\/strong><a href=\"https:\/\/docs.google.com\/forms\/d\/e\/1FAIpQLSf4ATmECsdB-Uz1mTJRZc2E4glFDGsyvUCHBezJl_PxOWx5LA\/viewform\"><\/a><\/p>\n\n\n\n<figure class=\"wp-block-gallery has-nested-images columns-default is-cropped wp-block-gallery-1 is-layout-flex wp-block-gallery-is-layout-flex\">\n<figure class=\"wp-block-image size-large\"><img loading=\"lazy\" decoding=\"async\" width=\"577\" height=\"1024\" data-id=\"905\" src=\"https:\/\/www.obozrolkowy.pl\/wp-content\/uploads\/2022\/01\/226417144_4154783267890686_5277412531442364113_n-2-577x1024.jpg\" alt=\"\" class=\"wp-image-905\" srcset=\"https:\/\/www.obozrolkowy.pl\/wp-content\/uploads\/2022\/01\/226417144_4154783267890686_5277412531442364113_n-2-577x1024.jpg 577w, https:\/\/www.obozrolkowy.pl\/wp-content\/uploads\/2022\/01\/226417144_4154783267890686_5277412531442364113_n-2-169x300.jpg 169w, https:\/\/www.obozrolkowy.pl\/wp-content\/uploads\/2022\/01\/226417144_4154783267890686_5277412531442364113_n-2-768x1364.jpg 768w, https:\/\/www.obozrolkowy.pl\/wp-content\/uploads\/2022\/01\/226417144_4154783267890686_5277412531442364113_n-2-865x1536.jpg 865w, https:\/\/www.obozrolkowy.pl\/wp-content\/uploads\/2022\/01\/226417144_4154783267890686_5277412531442364113_n-2.jpg 1153w\" sizes=\"auto, (max-width: 577px) 100vw, 577px\" \/><\/figure>\n\n\n\n<figure class=\"wp-block-image size-large\"><img loading=\"lazy\" decoding=\"async\" width=\"1024\" height=\"768\" data-id=\"901\" src=\"https:\/\/www.obozrolkowy.pl\/wp-content\/uploads\/2022\/01\/224579256_4145615622140784_6704017394419896731_n-2-1024x768.jpg\" alt=\"\" class=\"wp-image-901\" srcset=\"https:\/\/www.obozrolkowy.pl\/wp-content\/uploads\/2022\/01\/224579256_4145615622140784_6704017394419896731_n-2-1024x768.jpg 1024w, https:\/\/www.obozrolkowy.pl\/wp-content\/uploads\/2022\/01\/224579256_4145615622140784_6704017394419896731_n-2-300x225.jpg 300w, https:\/\/www.obozrolkowy.pl\/wp-content\/uploads\/2022\/01\/224579256_4145615622140784_6704017394419896731_n-2-768x576.jpg 768w, https:\/\/www.obozrolkowy.pl\/wp-content\/uploads\/2022\/01\/224579256_4145615622140784_6704017394419896731_n-2-1536x1152.jpg 1536w, https:\/\/www.obozrolkowy.pl\/wp-content\/uploads\/2022\/01\/224579256_4145615622140784_6704017394419896731_n-2.jpg 1600w\" sizes=\"auto, (max-width: 1024px) 100vw, 1024px\" \/><\/figure>\n\n\n\n<figure class=\"wp-block-image size-large\"><img loading=\"lazy\" decoding=\"async\" width=\"1024\" height=\"769\" data-id=\"898\" src=\"https:\/\/www.obozrolkowy.pl\/wp-content\/uploads\/2022\/01\/223506279_4145558838813129_7846237436540956062_n-2-1024x769.jpg\" alt=\"\" class=\"wp-image-898\" srcset=\"https:\/\/www.obozrolkowy.pl\/wp-content\/uploads\/2022\/01\/223506279_4145558838813129_7846237436540956062_n-2-1024x769.jpg 1024w, https:\/\/www.obozrolkowy.pl\/wp-content\/uploads\/2022\/01\/223506279_4145558838813129_7846237436540956062_n-2-300x225.jpg 300w, https:\/\/www.obozrolkowy.pl\/wp-content\/uploads\/2022\/01\/223506279_4145558838813129_7846237436540956062_n-2-768x576.jpg 768w, https:\/\/www.obozrolkowy.pl\/wp-content\/uploads\/2022\/01\/223506279_4145558838813129_7846237436540956062_n-2-1536x1153.jpg 1536w, https:\/\/www.obozrolkowy.pl\/wp-content\/uploads\/2022\/01\/223506279_4145558838813129_7846237436540956062_n-2.jpg 1600w\" sizes=\"auto, (max-width: 1024px) 100vw, 1024px\" \/><\/figure>\n\n\n\n<figure class=\"wp-block-image size-large\"><img loading=\"lazy\" decoding=\"async\" width=\"1024\" height=\"576\" data-id=\"908\" src=\"https:\/\/www.obozrolkowy.pl\/wp-content\/uploads\/2022\/01\/leti-oboz-rolkowy-rollschool-1024x576.jpg\" alt=\"\" class=\"wp-image-908\" srcset=\"https:\/\/www.obozrolkowy.pl\/wp-content\/uploads\/2022\/01\/leti-oboz-rolkowy-rollschool-1024x576.jpg 1024w, https:\/\/www.obozrolkowy.pl\/wp-content\/uploads\/2022\/01\/leti-oboz-rolkowy-rollschool-300x169.jpg 300w, https:\/\/www.obozrolkowy.pl\/wp-content\/uploads\/2022\/01\/leti-oboz-rolkowy-rollschool-768x432.jpg 768w, https:\/\/www.obozrolkowy.pl\/wp-content\/uploads\/2022\/01\/leti-oboz-rolkowy-rollschool-1536x864.jpg 1536w, https:\/\/www.obozrolkowy.pl\/wp-content\/uploads\/2022\/01\/leti-oboz-rolkowy-rollschool.jpg 2048w\" sizes=\"auto, (max-width: 1024px) 100vw, 1024px\" \/><\/figure>\n\n\n\n<figure class=\"wp-block-image size-large\"><img loading=\"lazy\" decoding=\"async\" width=\"1024\" height=\"768\" data-id=\"872\" src=\"https:\/\/www.obozrolkowy.pl\/wp-content\/uploads\/2022\/01\/222637430_4145599635475716_3261947184544967046_n-1024x768.jpg\" alt=\"\" class=\"wp-image-872\" srcset=\"https:\/\/www.obozrolkowy.pl\/wp-content\/uploads\/2022\/01\/222637430_4145599635475716_3261947184544967046_n-1024x768.jpg 1024w, https:\/\/www.obozrolkowy.pl\/wp-content\/uploads\/2022\/01\/222637430_4145599635475716_3261947184544967046_n-300x225.jpg 300w, https:\/\/www.obozrolkowy.pl\/wp-content\/uploads\/2022\/01\/222637430_4145599635475716_3261947184544967046_n-768x576.jpg 768w, https:\/\/www.obozrolkowy.pl\/wp-content\/uploads\/2022\/01\/222637430_4145599635475716_3261947184544967046_n-1536x1152.jpg 1536w, https:\/\/www.obozrolkowy.pl\/wp-content\/uploads\/2022\/01\/222637430_4145599635475716_3261947184544967046_n.jpg 1600w\" sizes=\"auto, (max-width: 1024px) 100vw, 1024px\" \/><\/figure>\n\n\n\n<figure class=\"wp-block-image size-large\"><img loading=\"lazy\" decoding=\"async\" width=\"1024\" height=\"768\" data-id=\"618\" src=\"https:\/\/www.obozrolkowy.pl\/wp-content\/uploads\/2021\/12\/109169749_3091817490853941_7857723366532923286_o-1024x768.jpg\" alt=\"\" class=\"wp-image-618\" srcset=\"https:\/\/www.obozrolkowy.pl\/wp-content\/uploads\/2021\/12\/109169749_3091817490853941_7857723366532923286_o-1024x768.jpg 1024w, https:\/\/www.obozrolkowy.pl\/wp-content\/uploads\/2021\/12\/109169749_3091817490853941_7857723366532923286_o-300x225.jpg 300w, https:\/\/www.obozrolkowy.pl\/wp-content\/uploads\/2021\/12\/109169749_3091817490853941_7857723366532923286_o-768x576.jpg 768w, https:\/\/www.obozrolkowy.pl\/wp-content\/uploads\/2021\/12\/109169749_3091817490853941_7857723366532923286_o-1536x1152.jpg 1536w, https:\/\/www.obozrolkowy.pl\/wp-content\/uploads\/2021\/12\/109169749_3091817490853941_7857723366532923286_o.jpg 1600w\" sizes=\"auto, (max-width: 1024px) 100vw, 1024px\" \/><\/figure>\n<\/figure>\n\n\n\n<p id=\"block-285c8556-3dbd-4182-814d-e7cedaa55e73\">W dniach&nbsp;<strong>10 &#8211; 19 lipca 2026<\/strong> zapraszamy na wyj\u0105tkowy ob\u00f3z rolkowy, podczas kt\u00f3rego Twoje dzieci naucz\u0105 si\u0119 je\u017adzi\u0107 na rolkach od podstaw lub podszkol\u0105 swoj\u0105 technik\u0119 jazdy i naucz\u0105 si\u0119 nowych trik\u00f3w. Zaj\u0119cia prowadzone b\u0119d\u0105 na terenach sportowych oraz w razie deszczu na sali sportowej.<\/p>\n\n\n\n<p id=\"block-15053e13-929b-41d3-9a10-e3e18dbae3cb\">Ob\u00f3z przeznaczony jest dla wszystkich dzieci, zar\u00f3wno tych, kt\u00f3re dopiero chcia\u0142yby spr\u00f3bowa\u0107 jazdy na rolkach, jak i tych, kt\u00f3re ju\u017c dobrze sobie na nich radz\u0105, ale chc\u0105 je\u017adzi\u0107 jeszcze lepiej.<\/p>\n\n\n\n<p id=\"block-8f4e2b85-0a91-4b46-8603-719a9246705b\">Uczestnicy zostan\u0105 podzieleni na grupy w zale\u017cno\u015bci od zaawansowania (podstawy jazdy, grupa \u015brednio zaawansowana, grupa zaawansowana). <br>Zaj\u0119cia prowadzone s\u0105 przez instruktor\u00f3w znanych z naszych zaj\u0119\u0107 Rollschool \ud83d\ude42<br>Podczas zaj\u0119\u0107 w zale\u017cno\u015bci od stopnia zaawansowania grupy wprowadzane s\u0105 elementy <strong>freeskate, slalomu, slid\u00f3w<\/strong>.<\/p>\n\n\n\n<p><strong>Ponadto dla ch\u0119tnych os\u00f3b istnieje mo\u017cliwo\u015b\u0107 codziennej jazdy konnej<\/strong> (za dodatkow\u0105 op\u0142at\u0105) w o\u015brodku je\u017adzieckim Karino.  Zaj\u0119cia konne nie koliduj\u0105 z zaj\u0119ciami rolkowymi. Ch\u0119tni na lekcje konne uczestnicy s\u0105 dzieleni przez trener\u00f3w z OJ Karino na grup\u0119 pocz\u0105tkuj\u0105c\u0105 i zaawansowan\u0105. Jedna z grup ma zaj\u0119cia rano przed \u015bniadaniem, druga wieczorem po kolacji w przerwie. Grupy maj\u0105 zaj\u0119cia naprzemiennie, raz rano, innego dnia wieczorem.<\/p>\n\n\n\n<figure class=\"wp-block-image size-large\" id=\"block-15ada793-ba80-4878-b4f0-3f57e026fb22\"><img decoding=\"async\" src=\"https:\/\/rollschool.pl\/wp-content\/uploads\/2021\/12\/DSC04819-1024x580.jpg\" alt=\"\" class=\"wp-image-30774\"\/><\/figure>\n\n\n\n<h2 class=\"wp-block-heading\" id=\"block-ec640e70-bf2d-4a38-8044-e1f3d9772972\">Jak by\u0142o w poprzednim roku?<\/h2>\n\n\n\n<p>Zobacz fotorelacje z obozu w 2025 roku na naszym facebooku<\/p>\n\n\n\n<p><a href=\"https:\/\/www.facebook.com\/media\/set\/?set=a.1225923672878884\">Galeria zdj\u0119\u0107 z pierwszego turnusu<\/a><\/p>\n\n\n\n<p id=\"block-f8f8f6c2-f082-4e2b-8aed-e3da0a9cc99e\"><a href=\"https:\/\/www.facebook.com\/media\/set\/?set=a.1267656528705598\" target=\"_blank\" rel=\"noreferrer noopener\">Galeria zdj\u0119\u0107 z drugiego turnusu<\/a><\/p>\n\n\n\n<h3 class=\"wp-block-heading\"><strong>Przed zapisaniem dziecka na ob\u00f3z prosimy o zapoznanie si\u0119 z poziomami jazdy.<\/strong><\/h3>\n\n\n\n<p>To bardzo wa\u017cne, aby dobra\u0107 odpowiedni\u0105 grup\u0119 i zapewni\u0107 dzieciom bezpiecze\u0144stwo oraz komfort podczas zaj\u0119\u0107.<\/p>\n\n\n\n<p><strong>Kliknij poni\u017cej, aby pobra\u0107 opis poziom\u00f3w w formacie PDF:<\/strong><br><strong><a href=\"https:\/\/www.obozrolkowy.pl\/wp-content\/uploads\/2025\/11\/Poziomy-jazd-na-obozach-dla-dzieci-i-mlodziezy.pdf\">Pobierz poziomy jazdy (PDF)<\/a><\/strong><\/p>\n\n\n\n<p>Informacje o <strong>grupach dost\u0119pnych na danym turnusie<\/strong> znajdziesz w <strong>ankiecie zapisowej<\/strong>.<\/p>\n\n\n\n<p class=\"has-text-align-center\">W przypadku braku wolnych miejsc skontaktuj si\u0119 na wyjazdy@rollschool.pl<\/p>\n\n\n\n<p class=\"has-text-align-center\"><\/p>\n\n\n\n<script src=\"https:\/\/rollschool.skaleo.pl\/wp-content\/themes\/skaleo\/js\/iframeResizer.min.js?v=1.13\"><\/script><iframe class=\"skaleo-iframe\" id=\"iFrameSkaleo320\" src=\"https:\/\/rollschool.skaleo.pl\/wyjazdy\/oboz-rolkowy-w-janowie-lubelski-28-06-7-07-2025\/?registration=popup&#038;singles_only=false&#038;lang=pl_PL\"  style=\"width:1px; min-width: 100%;max-width: 100%; border:none; margin:0; padding:0; overflow:hidden;\"><\/iframe>\n","protected":false},"excerpt":{"rendered":"<p>Wszystkich mi\u0142o\u015bnik\u00f3w jazdy na rolkach w wieku 7-17 lat zapraszamy na ob\u00f3z rolkowy w Janowie Lubelskim. W dniach&nbsp;10 &#8211; 19 lipca 2026 zapraszamy na wyj\u0105tkowy ob\u00f3z rolkowy, podczas kt\u00f3rego Twoje dzieci naucz\u0105 si\u0119 je\u017adzi\u0107 na rolkach od podstaw lub podszkol\u0105 swoj\u0105 technik\u0119 jazdy i naucz\u0105 si\u0119 nowych trik\u00f3w. Zaj\u0119cia prowadzone b\u0119d\u0105 na terenach sportowych oraz [&hellip;]<\/p>\n","protected":false},"author":1,"featured_media":633,"parent":16,"menu_order":3,"comment_status":"closed","ping_status":"closed","template":"page-full-width-image-wyjazd.php","meta":{"_acf_changed":false,"footnotes":""},"class_list":["post-776","page","type-page","status-publish","has-post-thumbnail","hentry"],"acf":[],"_links":{"self":[{"href":"https:\/\/www.obozrolkowy.pl\/index.php\/wp-json\/wp\/v2\/pages\/776","targetHints":{"allow":["GET"]}}],"collection":[{"href":"https:\/\/www.obozrolkowy.pl\/index.php\/wp-json\/wp\/v2\/pages"}],"about":[{"href":"https:\/\/www.obozrolkowy.pl\/index.php\/wp-json\/wp\/v2\/types\/page"}],"author":[{"embeddable":true,"href":"https:\/\/www.obozrolkowy.pl\/index.php\/wp-json\/wp\/v2\/users\/1"}],"replies":[{"embeddable":true,"href":"https:\/\/www.obozrolkowy.pl\/index.php\/wp-json\/wp\/v2\/comments?post=776"}],"version-history":[{"count":137,"href":"https:\/\/www.obozrolkowy.pl\/index.php\/wp-json\/wp\/v2\/pages\/776\/revisions"}],"predecessor-version":[{"id":2730,"href":"https:\/\/www.obozrolkowy.pl\/index.php\/wp-json\/wp\/v2\/pages\/776\/revisions\/2730"}],"up":[{"embeddable":true,"href":"https:\/\/www.obozrolkowy.pl\/index.php\/wp-json\/wp\/v2\/pages\/16"}],"wp:featuredmedia":[{"embeddable":true,"href":"https:\/\/www.obozrolkowy.pl\/index.php\/wp-json\/wp\/v2\/media\/633"}],"wp:attachment":[{"href":"https:\/\/www.obozrolkowy.pl\/index.php\/wp-json\/wp\/v2\/media?parent=776"}],"curies":[{"name":"wp","href":"https:\/\/api.w.org\/{rel}","templated":true}]}}